CRAN Package Check Results for Package ChoiceModelR

Last updated on 2015-04-01 02:48:11.

Flavor Version Tinstall Tcheck Ttotal Status Flags
r-devel-linux-x86_64-debian-clang 1.2 0.67 14.36 15.04 NOTE
r-devel-linux-x86_64-debian-gcc 1.2 0.86 14.11 14.97 NOTE
r-devel-linux-x86_64-fedora-clang 1.2 29.31 NOTE
r-devel-linux-x86_64-fedora-gcc 1.2 27.59 NOTE
r-devel-osx-x86_64-clang 1.2 33.09 NOTE
r-prerel-windows-ix86+x86_64 1.2 3.00 23.00 26.00 NOTE
r-prerel-linux-x86_64 1.2 0.68 14.34 15.02 NOTE
r-prerel-solaris-sparc 1.2 189.70 NOTE
r-prerel-solaris-x86 1.2 40.10 NOTE
r-release-linux-x86_64 1.2 0.83 16.02 16.85 NOTE
r-release-osx-x86_64-mavericks 1.2 NOTE
r-release-windows-ix86+x86_64 1.2 3.00 29.00 32.00 NOTE
r-oldrel-windows-ix86+x86_64 1.2 3.00 31.00 34.00 NOTE

Check Details

Version: 1.2
Check: top-level files
Result: NOTE
    File
     LICENSE
    is not mentioned in the DESCRIPTION file.
Flavors: r-devel-linux-x86_64-debian-clang, r-devel-linux-x86_64-debian-gcc, r-devel-linux-x86_64-fedora-clang, r-devel-linux-x86_64-fedora-gcc, r-devel-osx-x86_64-clang, r-prerel-windows-ix86+x86_64, r-prerel-linux-x86_64, r-prerel-solaris-sparc, r-prerel-solaris-x86, r-release-linux-x86_64, r-release-osx-x86_64-mavericks, r-release-windows-ix86+x86_64, r-oldrel-windows-ix86+x86_64

Version: 1.2
Check: Rd line widths
Result: NOTE
    Rd file 'choicemodelr.Rd':
     \examples lines wider than 100 characters:
     estbetas = cbind(estbetas[,1:4],0-apply(estbetas[,1:4],1,sum),estbetas[,5:6],0-apply(estbetas[,5:6],1,sum))
     estbetas = cbind(estbetas[,1:4],0-apply(estbetas[,1:4],1,sum),estbetas[,5:6],0-apply(estbetas[,5:6],1,sum))
    
    These lines will be truncated in the PDF manual.
Flavors: r-devel-linux-x86_64-debian-clang, r-devel-linux-x86_64-debian-gcc, r-devel-linux-x86_64-fedora-clang, r-devel-linux-x86_64-fedora-gcc, r-prerel-linux-x86_64, r-release-linux-x86_64