CRAN Package Check Results for Package ChoiceModelR

Last updated on 2015-06-30 14:47:43.

Flavor Version Tinstall Tcheck Ttotal Status Flags
r-devel-linux-x86_64-debian-clang 1.2 0.66 13.52 14.18 NOTE
r-devel-linux-x86_64-debian-gcc 1.2 0.64 14.57 15.20 NOTE
r-devel-linux-x86_64-fedora-clang 1.2 27.97 NOTE
r-devel-linux-x86_64-fedora-gcc 1.2 26.46 NOTE
r-devel-osx-x86_64-clang 1.2 27.37 NOTE
r-devel-windows-ix86+x86_64 1.2 4.00 23.00 27.00 NOTE
r-patched-linux-x86_64 1.2 0.66 14.70 15.36 NOTE
r-patched-solaris-sparc 1.2 208.30 NOTE
r-patched-solaris-x86 1.2 40.60 NOTE
r-release-linux-x86_64 1.2 0.67 14.04 14.72 NOTE
r-release-osx-x86_64-mavericks 1.2 NOTE
r-release-windows-ix86+x86_64 1.2 4.00 22.00 26.00 NOTE
r-oldrel-windows-ix86+x86_64 1.2 5.00 25.00 30.00 NOTE

Check Details

Version: 1.2
Check: top-level files
Result: NOTE
    File
     LICENSE
    is not mentioned in the DESCRIPTION file.
Flavors: r-devel-linux-x86_64-debian-clang, r-devel-linux-x86_64-debian-gcc, r-devel-linux-x86_64-fedora-clang, r-devel-linux-x86_64-fedora-gcc, r-devel-osx-x86_64-clang, r-devel-windows-ix86+x86_64, r-patched-linux-x86_64, r-patched-solaris-sparc, r-patched-solaris-x86, r-release-linux-x86_64, r-release-osx-x86_64-mavericks, r-release-windows-ix86+x86_64, r-oldrel-windows-ix86+x86_64

Version: 1.2
Check: R code for possible problems
Result: NOTE
    choicemodelr : drawDelta: no visible global function definition for
     ‘rnorm’
    choicemodelr : mnlRwMetropOnce: no visible global function definition
     for ‘rnorm’
    choicemodelr : mnlRwMetropOnce: no visible global function definition
     for ‘runif’
    choicemodelr : rmultireg: no visible global function definition for
     ‘rnorm’
    choicemodelr : rwishart: no visible global function definition for
     ‘rchisq’
    choicemodelr : rwishart: no visible global function definition for
     ‘rnorm’
    choicemodelr : fsh: no visible global function definition for
     ‘flush.console’
    choicemodelr: no visible global function definition for ‘matplot’
    choicemodelr: no visible global function definition for ‘write.table’
Flavors: r-devel-linux-x86_64-debian-clang, r-devel-linux-x86_64-debian-gcc, r-devel-linux-x86_64-fedora-clang, r-devel-windows-ix86+x86_64

Version: 1.2
Check: Rd line widths
Result: NOTE
    Rd file 'choicemodelr.Rd':
     \examples lines wider than 100 characters:
     estbetas = cbind(estbetas[,1:4],0-apply(estbetas[,1:4],1,sum),estbetas[,5:6],0-apply(estbetas[,5:6],1,sum))
     estbetas = cbind(estbetas[,1:4],0-apply(estbetas[,1:4],1,sum),estbetas[,5:6],0-apply(estbetas[,5:6],1,sum))
    
    These lines will be truncated in the PDF manual.
Flavors: r-devel-linux-x86_64-debian-clang, r-devel-linux-x86_64-debian-gcc, r-devel-linux-x86_64-fedora-clang, r-devel-linux-x86_64-fedora-gcc, r-patched-linux-x86_64, r-release-linux-x86_64