CRAN Package Check Results for Package ChoiceModelR

Last updated on 2014-06-27 11:50:21.

Flavor Version Tinstall Tcheck Ttotal Status Flags
r-devel-linux-x86_64-debian-clang 1.2 0.73 16.67 17.40 NOTE
r-devel-linux-x86_64-debian-gcc 1.2 0.67 16.51 17.18 NOTE
r-devel-linux-x86_64-fedora-clang 1.2 37.37 NOTE
r-devel-linux-x86_64-fedora-gcc 1.2 36.13 NOTE
r-devel-osx-x86_64-clang 1.2 33.93 NOTE
r-devel-windows-ix86+x86_64 1.2 2.00 28.00 30.00 NOTE
r-patched-linux-x86_64 1.2 0.68 16.61 17.29 NOTE
r-patched-solaris-sparc 1.2 200.90 NOTE
r-patched-solaris-x86 1.2 50.20 NOTE
r-release-linux-ix86 1.2 1.08 26.54 27.61 NOTE
r-release-linux-x86_64 1.2 0.68 16.96 17.64 NOTE
r-release-osx-x86_64-mavericks 1.2 NOTE
r-release-windows-ix86+x86_64 1.2 2.00 29.00 31.00 NOTE
r-oldrel-windows-ix86+x86_64 1.2 3.00 25.00 28.00 NOTE

Check Details

Version: 1.2
Check: top-level files
Result: NOTE
    File
     LICENSE
    is not mentioned in the DESCRIPTION file.
Flavors: r-devel-linux-x86_64-debian-clang, r-devel-linux-x86_64-debian-gcc, r-devel-linux-x86_64-fedora-clang, r-devel-linux-x86_64-fedora-gcc, r-devel-osx-x86_64-clang, r-devel-windows-ix86+x86_64, r-patched-linux-x86_64, r-patched-solaris-sparc, r-patched-solaris-x86, r-release-linux-ix86, r-release-linux-x86_64, r-release-osx-x86_64-mavericks, r-release-windows-ix86+x86_64, r-oldrel-windows-ix86+x86_64

Version: 1.2
Check: Rd line widths
Result: NOTE
    Rd file 'choicemodelr.Rd':
     \examples lines wider than 100 characters:
     estbetas = cbind(estbetas[,1:4],0-apply(estbetas[,1:4],1,sum),estbetas[,5:6],0-apply(estbetas[,5:6],1,sum))
     estbetas = cbind(estbetas[,1:4],0-apply(estbetas[,1:4],1,sum),estbetas[,5:6],0-apply(estbetas[,5:6],1,sum))
    
    These lines will be truncated in the PDF manual.
Flavors: r-devel-linux-x86_64-fedora-clang, r-devel-linux-x86_64-fedora-gcc