CRAN Package Check Results for Package bifactorial

Last updated on 2015-01-27 08:50:16.

Flavor Version Tinstall Tcheck Ttotal Status Flags
r-devel-linux-x86_64-debian-clang 1.4.7 13.62 27.25 40.87 NOTE
r-devel-linux-x86_64-debian-gcc 1.4.7 17.04 27.96 45.00 NOTE
r-devel-linux-x86_64-fedora-clang 1.4.7 98.40 NOTE
r-devel-linux-x86_64-fedora-gcc 1.4.7 99.84 NOTE
r-devel-osx-x86_64-clang 1.4.7 101.09 NOTE
r-devel-windows-ix86+x86_64 1.4.7 54.00 67.00 121.00 NOTE
r-patched-linux-x86_64 1.4.7 18.64 34.66 53.29 NOTE
r-patched-solaris-sparc 1.4.7 635.10 NOTE
r-patched-solaris-x86 1.4.7 131.00 NOTE
r-release-linux-ix86 1.4.7 21.34 43.61 64.94 NOTE
r-release-linux-x86_64 1.4.7 17.88 33.86 51.74 NOTE
r-release-osx-x86_64-mavericks 1.4.7 NOTE
r-release-osx-x86_64-snowleopard 1.4.7 NOTE
r-release-windows-ix86+x86_64 1.4.7 74.00 80.00 154.00 NOTE
r-oldrel-windows-ix86+x86_64 1.4.7 73.00 83.00 156.00 NOTE

Memtest notes: valgrind

Check Details

Version: 1.4.7
Check: dependencies in R code
Result: NOTE
    'library' or 'require' call to ‘mvtnorm’ which was already attached by Depends.
     Please remove these calls from your code.
    Packages in Depends field not imported from:
     ‘Rcpp’ ‘mvtnorm’
     These packages need to be imported from (in the NAMESPACE file)
     for when this namespace is loaded but not attached.
Flavors: r-devel-linux-x86_64-debian-clang, r-devel-linux-x86_64-debian-gcc, r-devel-linux-x86_64-fedora-clang, r-devel-linux-x86_64-fedora-gcc, r-devel-osx-x86_64-clang, r-devel-windows-ix86+x86_64

Version: 1.4.7
Check: R code for possible problems
Result: NOTE
    maxstudent2 : padj.fun: no visible global function definition for
     ‘pmvnorm’
    pvstudent2 : padj.fun: no visible global function definition for
     ‘pmvnorm’
Flavors: r-devel-linux-x86_64-debian-clang, r-devel-linux-x86_64-debian-gcc, r-devel-linux-x86_64-fedora-clang, r-devel-linux-x86_64-fedora-gcc, r-devel-osx-x86_64-clang, r-devel-windows-ix86+x86_64, r-patched-linux-x86_64, r-patched-solaris-sparc, r-patched-solaris-x86, r-release-linux-ix86, r-release-linux-x86_64, r-release-osx-x86_64-mavericks, r-release-windows-ix86+x86_64

Version: 1.4.7
Check: compiled code
Result: NOTE
    File ‘bifactorial/libs/bifactorial.so’:
     Found ‘rand’, possibly from ‘rand’ (C)
     Object: ‘misc.o’
     Found ‘srand’, possibly from ‘srand’ (C)
     Objects: ‘krit.o’, ‘pv.o’
    
    Compiled code should not call entry points which might terminate R nor
    write to stdout/stderr instead of to the console, nor the system RNG.
    
    See ‘Writing portable packages’ in the ‘Writing R Extensions’ manual.
Flavors: r-devel-linux-x86_64-debian-clang, r-devel-linux-x86_64-debian-gcc, r-devel-linux-x86_64-fedora-clang, r-devel-linux-x86_64-fedora-gcc, r-patched-linux-x86_64, r-patched-solaris-sparc, r-patched-solaris-x86

Version: 1.4.7
Check: compiled code
Result: NOTE
    File ‘bifactorial/libs/bifactorial.so’:
     Found ‘_rand’, possibly from ‘rand’ (C)
     Object: ‘misc.o’
     Found ‘_srand’, possibly from ‘srand’ (C)
     Objects: ‘krit.o’, ‘pv.o’
    
    Compiled code should not call entry points which might terminate R nor
    write to stdout/stderr instead of to the console, nor the system RNG.
    
    See ‘Writing portable packages’ in the ‘Writing R Extensions’ manual.
Flavors: r-devel-osx-x86_64-clang, r-release-osx-x86_64-mavericks

Version: 1.4.7
Check: compiled code
Result: NOTE
    File 'bifactorial/libs/i386/bifactorial.dll':
     Found 'rand', possibly from 'rand' (C)
     Object: 'misc.o'
     Found 'srand', possibly from 'srand' (C)
     Objects: 'krit.o', 'pv.o'
    File 'bifactorial/libs/x64/bifactorial.dll':
     Found 'rand', possibly from 'rand' (C)
     Object: 'misc.o'
     Found 'srand', possibly from 'srand' (C)
     Objects: 'krit.o', 'pv.o'
    
    Compiled code should not call entry points which might terminate R nor
    write to stdout/stderr instead of to the console, nor the system RNG.
    
    See 'Writing portable packages' in the 'Writing R Extensions' manual.
Flavor: r-devel-windows-ix86+x86_64

Version: 1.4.7
Check: dependencies in R code
Result: NOTE
    'library' or 'require' call to ‘mvtnorm’ which was already attached by Depends.
     Please remove these calls from your code.
    Packages in Depends field not imported from:
     ‘Rcpp’ ‘mvtnorm’
     These packages need to be imported from (in the NAMESPACE file)
     for when this namespace is loaded but not attached.
    See the information on DESCRIPTION files in the chapter ‘Creating R
    packages’ of the ‘Writing R Extensions’ manual.
Flavors: r-patched-linux-x86_64, r-patched-solaris-sparc, r-patched-solaris-x86, r-release-linux-ix86, r-release-linux-x86_64, r-release-osx-x86_64-mavericks, r-release-osx-x86_64-snowleopard, r-release-windows-ix86+x86_64, r-oldrel-windows-ix86+x86_64

Version: 1.4.7
Check: compiled code
Result: NOTE
    File ‘bifactorial/libs/bifactorial.so’:
     Found ‘rand’, possibly from ‘rand’ (C)
     Object: ‘misc.o’
     Found ‘srand’, possibly from ‘srand’ (C)
     Objects: ‘krit.o’, ‘pv.o’
    
    Compiled code should not call entry points which might terminate R nor
    write to stdout/stderr instead of to the console, nor the C RNG.
    
    See ‘Writing portable packages’ in the ‘Writing R Extensions’ manual.
Flavors: r-release-linux-ix86, r-release-linux-x86_64

Version: 1.4.7
Check: compiled code
Result: NOTE
    File 'bifactorial/libs/i386/bifactorial.dll':
     Found 'rand', possibly from 'rand' (C)
     Object: 'misc.o'
     Found 'srand', possibly from 'srand' (C)
     Objects: 'krit.o', 'pv.o'
    File 'bifactorial/libs/x64/bifactorial.dll':
     Found 'rand', possibly from 'rand' (C)
     Object: 'misc.o'
     Found 'srand', possibly from 'srand' (C)
     Objects: 'krit.o', 'pv.o'
    
    Compiled code should not call entry points which might terminate R nor
    write to stdout/stderr instead of to the console, nor the C RNG.
    
    See 'Writing portable packages' in the 'Writing R Extensions' manual.
Flavor: r-release-windows-ix86+x86_64