CRAN Package Check Results for Package bifactorial

Last updated on 2014-04-20 08:48:58.

Flavor Version Tinstall Tcheck Ttotal Status Flags
r-devel-linux-x86_64-debian-clang 1.4.7 14.50 33.82 48.32 NOTE
r-devel-linux-x86_64-debian-gcc 1.4.7 17.41 35.23 52.64 NOTE
r-devel-linux-x86_64-fedora-clang 1.4.7 95.87 NOTE
r-devel-linux-x86_64-fedora-gcc 1.4.7 98.09 NOTE
r-devel-macosx-x86_64-clang 1.4.7 78.98 NOTE
r-devel-macosx-x86_64-gcc 1.4.7 ERROR
r-devel-windows-ix86+x86_64 1.4.7 53.00 74.00 127.00 NOTE
r-patched-linux-x86_64 1.4.7 17.52 34.74 52.26 NOTE
r-patched-solaris-sparc 1.4.7 612.20 NOTE
r-patched-solaris-x86 1.4.7 125.90 NOTE
r-release-linux-ix86 NOTE
r-release-linux-x86_64 1.4.7 17.61 35.08 52.69 NOTE
r-release-macosx-x86_64 1.4.7 ERROR
r-release-windows-ix86+x86_64 1.4.7 68.00 85.00 153.00 NOTE
r-oldrel-windows-ix86+x86_64 1.4.7 52.00 79.00 131.00 NOTE

Memtest notes: valgrind

Check Details

Version: 1.4.7
Check: dependencies in R code
Result: NOTE
    'library' or 'require' call to ‘mvtnorm’ which was already attached by Depends.
     Please remove these calls from your code.
    Packages in Depends field not imported from:
     ‘Rcpp’ ‘mvtnorm’
     These packages need to be imported from (in the NAMESPACE file)
     for when this namespace is loaded but not attached.
    See the information on DESCRIPTION files in the chapter ‘Creating R
    packages’ of the ‘Writing R Extensions’ manual.
Flavors: r-devel-linux-x86_64-debian-clang, r-devel-linux-x86_64-debian-gcc, r-devel-linux-x86_64-fedora-clang, r-devel-linux-x86_64-fedora-gcc, r-devel-macosx-x86_64-clang, r-devel-windows-ix86+x86_64, r-patched-linux-x86_64, r-patched-solaris-sparc, r-patched-solaris-x86, r-release-linux-ix86, r-release-linux-x86_64, r-release-windows-ix86+x86_64, r-oldrel-windows-ix86+x86_64

Version: 1.4.7
Check: package dependencies
Result: ERROR
    Package required but not available: ‘multcomp’
    
    See the information on DESCRIPTION files in the chapter ‘Creating R
    packages’ of the ‘Writing R Extensions’ manual.
Flavors: r-devel-macosx-x86_64-gcc, r-release-macosx-x86_64