CRAN Package Check Results for Package bifactorial

Last updated on 2014-06-27 11:50:21.

Flavor Version Tinstall Tcheck Ttotal Status Flags
r-devel-linux-x86_64-debian-clang 1.4.7 13.03 33.39 46.42 NOTE
r-devel-linux-x86_64-debian-gcc 1.4.7 17.13 33.92 51.05 NOTE
r-devel-linux-x86_64-fedora-clang 1.4.7 94.54 NOTE
r-devel-linux-x86_64-fedora-gcc 1.4.7 97.43 NOTE
r-devel-osx-x86_64-clang 1.4.7 82.02 NOTE
r-devel-windows-ix86+x86_64 1.4.7 52.00 75.00 127.00 NOTE
r-patched-linux-x86_64 1.4.7 17.14 33.28 50.42 NOTE
r-patched-solaris-sparc 1.4.7 612.20 NOTE
r-patched-solaris-x86 1.4.7 132.10 NOTE
r-release-linux-ix86 1.4.7 22.07 45.32 67.39 NOTE
r-release-linux-x86_64 1.4.7 17.24 34.88 52.12 NOTE
r-release-osx-x86_64-mavericks 1.4.7 NOTE
r-release-osx-x86_64-snowleopard 1.4.7 NOTE
r-release-windows-ix86+x86_64 1.4.7 54.00 85.00 139.00 NOTE
r-oldrel-windows-ix86+x86_64 1.4.7 52.00 79.00 131.00 NOTE

Memtest notes: valgrind

Check Details

Version: 1.4.7
Check: dependencies in R code
Result: NOTE
    'library' or 'require' call to ‘mvtnorm’ which was already attached by Depends.
     Please remove these calls from your code.
    Packages in Depends field not imported from:
     ‘Rcpp’ ‘mvtnorm’
     These packages need to be imported from (in the NAMESPACE file)
     for when this namespace is loaded but not attached.
    See the information on DESCRIPTION files in the chapter ‘Creating R
    packages’ of the ‘Writing R Extensions’ manual.
Flavors: r-devel-linux-x86_64-debian-clang, r-devel-linux-x86_64-debian-gcc, r-devel-linux-x86_64-fedora-clang, r-devel-linux-x86_64-fedora-gcc, r-devel-osx-x86_64-clang, r-devel-windows-ix86+x86_64, r-patched-linux-x86_64, r-patched-solaris-sparc, r-patched-solaris-x86, r-release-linux-ix86, r-release-linux-x86_64, r-release-osx-x86_64-mavericks, r-release-osx-x86_64-snowleopard, r-release-windows-ix86+x86_64, r-oldrel-windows-ix86+x86_64