CRAN Package Check Results for Package ghyp

Last updated on 2016-06-26 13:46:51.

Flavor Version Tinstall Tcheck Ttotal Status Flags
r-devel-linux-x86_64-debian-gcc 1.5.6 1.94 42.79 44.73 WARN
r-devel-linux-x86_64-fedora-clang 1.5.6 81.49 NOTE
r-devel-linux-x86_64-fedora-gcc 1.5.6 78.47 NOTE
r-devel-osx-x86_64-clang 1.5.6 65.48 NOTE
r-devel-windows-ix86+x86_64 1.5.6 15.00 142.00 157.00 NOTE
r-patched-linux-x86_64 1.5.6 1.91 43.87 45.79 WARN
r-patched-solaris-sparc 1.5.6 510.50 NOTE
r-patched-solaris-x86 1.5.6 98.50 NOTE
r-release-linux-x86_64 1.5.6 2.07 43.67 45.73 WARN
r-release-osx-x86_64-mavericks 1.5.6 NOTE
r-release-windows-ix86+x86_64 1.5.6 8.00 101.00 109.00 NOTE
r-oldrel-windows-ix86+x86_64 1.5.6 13.00 149.00 162.00 NOTE

Check Details

Version: 1.5.6
Check: top-level files
Result: NOTE
    Non-standard file/directory found at top level:
     ‘Fixme’
Flavors: r-devel-linux-x86_64-debian-gcc, r-devel-linux-x86_64-fedora-clang, r-devel-linux-x86_64-fedora-gcc, r-patched-linux-x86_64, r-release-linux-x86_64

Version: 1.5.6
Check: dependencies in R code
Result: NOTE
    Packages in Depends field not imported from:
     ‘gplots’ ‘numDeriv’
     These packages need to be imported from (in the NAMESPACE file)
     for when this namespace is loaded but not attached.
Flavors: r-devel-linux-x86_64-debian-gcc, r-devel-linux-x86_64-fedora-clang, r-devel-linux-x86_64-fedora-gcc, r-devel-osx-x86_64-clang, r-devel-windows-ix86+x86_64, r-patched-linux-x86_64, r-patched-solaris-sparc, r-patched-solaris-x86, r-release-linux-x86_64, r-release-osx-x86_64-mavericks, r-release-windows-ix86+x86_64, r-oldrel-windows-ix86+x86_64

Version: 1.5.6
Check: R code for possible problems
Result: NOTE
    pairs.ghyp: no visible global function definition for ‘topo.colors’
    pairs.ghyp: no visible global function definition for ‘hist2d’
    pairs,ghyp: no visible global function definition for ‘topo.colors’
    pairs,ghyp: no visible global function definition for ‘hist2d’
    Undefined global functions or variables:
     hist2d topo.colors
    Consider adding
     importFrom("grDevices", "topo.colors")
    to your NAMESPACE file.
Flavors: r-devel-linux-x86_64-debian-gcc, r-devel-linux-x86_64-fedora-clang, r-devel-linux-x86_64-fedora-gcc, r-devel-osx-x86_64-clang, r-devel-windows-ix86+x86_64, r-patched-linux-x86_64, r-patched-solaris-sparc, r-patched-solaris-x86, r-release-linux-x86_64, r-release-osx-x86_64-mavericks, r-release-windows-ix86+x86_64

Version: 1.5.6
Check: re-building of vignette outputs
Result: WARN
    Error in re-building vignettes:
     ...
    ! Class scrartcl Error: undefined old font command `\sl'.
    
    See the scrartcl class documentation for explanation.
    Type H <return> for immediate help.
     ...
    ! Class scrartcl Error: undefined old font command `\sl'.
    
    See the scrartcl class documentation for explanation.
    Type H <return> for immediate help.
     ...
    ! Class scrartcl Error: undefined old font command `\sl'.
    
    See the scrartcl class documentation for explanation.
    Type H <return> for immediate help.
     ...
    ! Class scrartcl Error: undefined old font command `\sl'.
    
    See the scrartcl class documentation for explanation.
    Type H <return> for immediate help.
     ...
    ! Class scrartcl Error: undefined old font command `\sl'.
    
    See the scrartcl class docume
    Calls: buildVignettes -> texi2pdf -> texi2dvi
    Execution halted
Flavors: r-devel-linux-x86_64-debian-gcc, r-patched-linux-x86_64, r-release-linux-x86_64

Version: 1.5.6
Check: R code for possible problems
Result: NOTE
    pairs.ghyp: no visible global function definition for 'hist2d'
    pairs,ghyp : .local: no visible global function definition for 'hist2d'
Flavor: r-oldrel-windows-ix86+x86_64