CRAN Package Check Results for Package ghyp

Last updated on 2014-12-22 23:48:47.

Flavor Version Tinstall Tcheck Ttotal Status Flags
r-devel-linux-x86_64-debian-clang 1.5.6 2.06 48.82 50.88 NOTE
r-devel-linux-x86_64-debian-gcc 1.5.6 1.95 48.67 50.62 NOTE
r-devel-linux-x86_64-fedora-clang 1.5.6 100.96 NOTE
r-devel-linux-x86_64-fedora-gcc 1.5.6 97.07 NOTE
r-devel-osx-x86_64-clang 1.5.6 102.18 NOTE
r-devel-windows-ix86+x86_64 1.5.6 10.00 98.00 108.00 NOTE
r-patched-linux-x86_64 1.5.6 2.17 51.89 54.06 NOTE
r-patched-solaris-sparc 1.5.6 581.10 NOTE
r-patched-solaris-x86 1.5.6 118.00 NOTE
r-release-linux-ix86 1.5.6 2.71 60.21 62.92 NOTE
r-release-linux-x86_64 1.5.6 2.01 52.20 54.21 NOTE
r-release-osx-x86_64-mavericks 1.5.6 NOTE
r-release-osx-x86_64-snowleopard 1.5.6 ERROR
r-release-windows-ix86+x86_64 1.5.6 9.00 100.00 109.00 NOTE
r-oldrel-windows-ix86+x86_64 1.5.6 10.00 107.00 117.00 NOTE

Check Details

Version: 1.5.6
Check: top-level files
Result: NOTE
    Non-standard file/directory found at top level:
     ‘Fixme’
Flavors: r-devel-linux-x86_64-debian-clang, r-devel-linux-x86_64-debian-gcc, r-devel-linux-x86_64-fedora-clang, r-devel-linux-x86_64-fedora-gcc, r-patched-linux-x86_64, r-release-linux-x86_64

Version: 1.5.6
Check: dependencies in R code
Result: NOTE
    Packages in Depends field not imported from:
     ‘gplots’ ‘numDeriv’
     These packages need to be imported from (in the NAMESPACE file)
     for when this namespace is loaded but not attached.
    See the information on DESCRIPTION files in the chapter ‘Creating R
    packages’ of the ‘Writing R Extensions’ manual.
Flavors: r-devel-linux-x86_64-debian-clang, r-devel-linux-x86_64-debian-gcc, r-devel-linux-x86_64-fedora-clang, r-devel-linux-x86_64-fedora-gcc, r-devel-osx-x86_64-clang, r-devel-windows-ix86+x86_64, r-patched-linux-x86_64, r-patched-solaris-sparc, r-patched-solaris-x86, r-release-linux-ix86, r-release-linux-x86_64, r-release-osx-x86_64-mavericks, r-release-windows-ix86+x86_64, r-oldrel-windows-ix86+x86_64

Version: 1.5.6
Check: R code for possible problems
Result: NOTE
    pairs.ghyp: no visible global function definition for ‘hist2d’
Flavors: r-devel-linux-x86_64-debian-clang, r-devel-linux-x86_64-debian-gcc, r-devel-linux-x86_64-fedora-clang, r-devel-linux-x86_64-fedora-gcc, r-devel-osx-x86_64-clang, r-devel-windows-ix86+x86_64, r-patched-linux-x86_64, r-patched-solaris-sparc, r-patched-solaris-x86, r-release-linux-ix86, r-release-linux-x86_64, r-release-windows-ix86+x86_64

Version: 1.5.6
Check: re-building of vignette outputs
Result: NOTE
    Error in re-building vignettes:
     ...
    Loading required package: numDeriv
    Loading required package: gplots
    KernSmooth 2.23 loaded
    Copyright M. P. Wand 1997-2009
    
    Attaching package: ‘gplots’
    
    The following object is masked from ‘package:stats’:
    
     lowess
    
    Error in texi2dvi(file = file, pdf = TRUE, clean = clean, quiet = quiet, :
     Running 'texi2dvi' on 'Generalized_Hyperbolic_Distribution.tex' failed.
    LaTeX errors:
    ! LaTeX Error: File `a4wide.sty' not found.
    
    Type X to quit or <RETURN> to proceed,
    or enter new name. (Default extension: sty)
    
    st/ghyp/vignettes/Generalized_Hyperbolic_Distribution.tex:9: ==> Fatal error o
    ccurred, no output PDF file produced!
    Calls: buildVignettes -> texi2pdf -> texi2dvi
    Execution halted
Flavor: r-release-osx-x86_64-mavericks

Version: 1.5.6
Check: whether package can be installed
Result: ERROR
    Installation failed.
Flavor: r-release-osx-x86_64-snowleopard