CRAN Package Check Results for Package ghyp

Last updated on 2015-06-30 11:48:18.

Flavor Version Tinstall Tcheck Ttotal Status Flags
r-devel-linux-x86_64-debian-clang 1.5.6 1.78 45.31 47.10 NOTE
r-devel-linux-x86_64-debian-gcc 1.5.6 1.92 44.36 46.27 NOTE
r-devel-linux-x86_64-fedora-clang 1.5.6 90.30 NOTE
r-devel-linux-x86_64-fedora-gcc 1.5.6 84.74 NOTE
r-devel-osx-x86_64-clang 1.5.6 82.15 NOTE
r-devel-windows-ix86+x86_64 1.5.6 16.00 137.00 153.00 NOTE
r-patched-linux-x86_64 1.5.6 1.78 44.84 46.62 NOTE
r-patched-solaris-sparc 1.5.6 553.70 NOTE
r-patched-solaris-x86 1.5.6 106.80 NOTE
r-release-linux-x86_64 1.5.6 1.74 45.16 46.90 NOTE
r-release-osx-x86_64-mavericks 1.5.6 NOTE
r-release-windows-ix86+x86_64 1.5.6 10.00 124.00 134.00 NOTE
r-oldrel-windows-ix86+x86_64 1.5.6 15.00 108.00 123.00 NOTE

Check Details

Version: 1.5.6
Check: top-level files
Result: NOTE
    Non-standard file/directory found at top level:
     ‘Fixme’
Flavors: r-devel-linux-x86_64-debian-clang, r-devel-linux-x86_64-debian-gcc, r-devel-linux-x86_64-fedora-clang, r-devel-linux-x86_64-fedora-gcc, r-patched-linux-x86_64, r-release-linux-x86_64

Version: 1.5.6
Check: dependencies in R code
Result: NOTE
    Packages in Depends field not imported from:
     ‘gplots’ ‘numDeriv’
     These packages need to be imported from (in the NAMESPACE file)
     for when this namespace is loaded but not attached.
Flavors: r-devel-linux-x86_64-debian-clang, r-devel-linux-x86_64-debian-gcc, r-devel-linux-x86_64-fedora-clang, r-devel-linux-x86_64-fedora-gcc, r-devel-osx-x86_64-clang, r-devel-windows-ix86+x86_64, r-patched-linux-x86_64, r-patched-solaris-sparc, r-patched-solaris-x86, r-release-linux-x86_64, r-release-osx-x86_64-mavericks, r-release-windows-ix86+x86_64, r-oldrel-windows-ix86+x86_64

Version: 1.5.6
Check: R code for possible problems
Result: NOTE
    pairs.ghyp: no visible global function definition for ‘topo.colors’
    pairs.ghyp: no visible global function definition for ‘hist2d’
Flavors: r-devel-linux-x86_64-debian-clang, r-devel-linux-x86_64-debian-gcc, r-devel-windows-ix86+x86_64

Version: 1.5.6
Check: R code for possible problems
Result: NOTE
    pairs.ghyp: no visible global function definition for ‘hist2d’
Flavors: r-devel-linux-x86_64-fedora-clang, r-devel-linux-x86_64-fedora-gcc, r-devel-osx-x86_64-clang, r-patched-linux-x86_64, r-patched-solaris-sparc, r-patched-solaris-x86, r-release-linux-x86_64, r-release-osx-x86_64-mavericks, r-release-windows-ix86+x86_64, r-oldrel-windows-ix86+x86_64