CRAN Package Check Results for Package gsarima

Last updated on 2016-05-23 14:48:03.

Flavor Version Tinstall Tcheck Ttotal Status Flags
r-devel-linux-x86_64-debian-gcc 0.1-4 0.54 13.99 14.53 NOTE
r-devel-linux-x86_64-fedora-clang 0.1-4 24.52 NOTE
r-devel-linux-x86_64-fedora-gcc 0.1-4 23.31 NOTE
r-devel-osx-x86_64-clang 0.1-4 28.17 NOTE
r-devel-windows-ix86+x86_64 0.1-4 2.00 32.00 34.00 NOTE
r-patched-linux-x86_64 0.1-4 0.59 13.79 14.38 NOTE
r-patched-solaris-sparc 0.1-4 153.00 NOTE
r-patched-solaris-x86 0.1-4 30.80 NOTE
r-release-linux-x86_64 0.1-4 0.55 13.86 14.41 NOTE
r-release-osx-x86_64-mavericks 0.1-4 NOTE
r-release-windows-ix86+x86_64 0.1-4 2.00 32.00 34.00 NOTE
r-oldrel-windows-ix86+x86_64 0.1-4 4.00 35.00 39.00 OK

Check Details

Version: 0.1-4
Check: R code for possible problems
Result: NOTE
    garsim: no visible global function definition for ‘rnorm’
    garsim: no visible global function definition for ‘rpois’
    Undefined global functions or variables:
     rnorm rpois
    Consider adding
     importFrom("stats", "rnorm", "rpois")
    to your NAMESPACE file.
Flavors: r-devel-linux-x86_64-debian-gcc, r-devel-linux-x86_64-fedora-clang, r-devel-linux-x86_64-fedora-gcc, r-devel-osx-x86_64-clang, r-devel-windows-ix86+x86_64, r-patched-linux-x86_64, r-patched-solaris-sparc, r-patched-solaris-x86, r-release-linux-x86_64, r-release-osx-x86_64-mavericks, r-release-windows-ix86+x86_64