CRAN Package Check Results for Package gsarima

Last updated on 2016-06-27 10:47:53.

Flavor Version Tinstall Tcheck Ttotal Status Flags
r-devel-linux-x86_64-debian-gcc 0.1-4 0.59 13.95 14.54 NOTE
r-devel-linux-x86_64-fedora-clang 0.1-4 24.89 NOTE
r-devel-linux-x86_64-fedora-gcc 0.1-4 23.37 NOTE
r-devel-osx-x86_64-clang 0.1-4 21.05 NOTE
r-devel-windows-ix86+x86_64 0.1-4 2.00 41.00 43.00 NOTE
r-patched-linux-x86_64 0.1-4 0.66 14.29 14.95 NOTE
r-patched-solaris-sparc 0.1-4 154.70 NOTE
r-patched-solaris-x86 0.1-4 30.70 NOTE
r-release-linux-x86_64 0.1-4 0.56 14.53 15.09 NOTE
r-release-osx-x86_64-mavericks 0.1-4 NOTE
r-release-windows-ix86+x86_64 0.1-4 2.00 32.00 34.00 NOTE
r-oldrel-windows-ix86+x86_64 0.1-4 3.00 26.00 29.00 OK

Check Details

Version: 0.1-4
Check: R code for possible problems
Result: NOTE
    garsim: no visible global function definition for ‘rnorm’
    garsim: no visible global function definition for ‘rpois’
    Undefined global functions or variables:
     rnorm rpois
    Consider adding
     importFrom("stats", "rnorm", "rpois")
    to your NAMESPACE file.
Flavors: r-devel-linux-x86_64-debian-gcc, r-devel-linux-x86_64-fedora-clang, r-devel-linux-x86_64-fedora-gcc, r-devel-osx-x86_64-clang, r-devel-windows-ix86+x86_64, r-patched-linux-x86_64, r-patched-solaris-sparc, r-patched-solaris-x86, r-release-linux-x86_64, r-release-osx-x86_64-mavericks, r-release-windows-ix86+x86_64