CRAN Package Check Results for Package gsarima

Last updated on 2016-04-29 17:48:20.

Flavor Version Tinstall Tcheck Ttotal Status Flags
r-devel-linux-x86_64-debian-gcc 0.1-4 0.54 13.87 14.42 NOTE
r-devel-linux-x86_64-fedora-clang 0.1-4 24.47 NOTE
r-devel-linux-x86_64-fedora-gcc 0.1-4 22.93 NOTE
r-devel-osx-x86_64-clang 0.1-4 28.73 NOTE
r-devel-windows-ix86+x86_64 0.1-4 2.00 33.00 35.00 NOTE
r-patched-linux-x86_64 0.1-4 0.61 13.69 14.30 NOTE
r-patched-solaris-sparc 0.1-4 141.40 NOTE
r-patched-solaris-x86 0.1-4 30.20 NOTE
r-release-linux-x86_64 0.1-4 0.68 14.46 15.14 OK
r-release-osx-x86_64-mavericks 0.1-4 OK
r-release-windows-ix86+x86_64 0.1-4 2.00 28.00 30.00 OK
r-oldrel-windows-ix86+x86_64 0.1-4 5.00 30.00 35.00 OK

Check Details

Version: 0.1-4
Check: R code for possible problems
Result: NOTE
    garsim: no visible global function definition for ‘rnorm’
    garsim: no visible global function definition for ‘rpois’
    Undefined global functions or variables:
     rnorm rpois
    Consider adding
     importFrom("stats", "rnorm", "rpois")
    to your NAMESPACE file.
Flavors: r-devel-linux-x86_64-debian-gcc, r-devel-linux-x86_64-fedora-clang, r-devel-linux-x86_64-fedora-gcc, r-devel-osx-x86_64-clang, r-devel-windows-ix86+x86_64, r-patched-linux-x86_64, r-patched-solaris-sparc, r-patched-solaris-x86