CRAN Package Check Results for Package gsarima

Last updated on 2015-08-31 08:46:50.

Flavor Version Tinstall Tcheck Ttotal Status Flags
r-devel-linux-x86_64-debian-clang 0.1-4 0.48 12.46 12.94 NOTE
r-devel-linux-x86_64-debian-gcc 0.1-4 0.50 12.16 12.66 NOTE
r-devel-linux-x86_64-fedora-clang 0.1-4 23.84 NOTE
r-devel-linux-x86_64-fedora-gcc 0.1-4 22.89 NOTE
r-devel-osx-x86_64-clang 0.1-4 23.85 OK
r-devel-windows-ix86+x86_64 0.1-4 3.00 26.00 29.00 NOTE
r-patched-linux-x86_64 0.1-4 0.59 12.83 13.42 OK
r-patched-solaris-sparc 0.1-4 175.00 OK
r-patched-solaris-x86 0.1-4 38.30 OK
r-release-linux-x86_64 0.1-4 0.56 13.00 13.56 OK
r-release-osx-x86_64-mavericks 0.1-4 OK
r-release-windows-ix86+x86_64 0.1-4 4.00 36.00 40.00 OK
r-oldrel-windows-ix86+x86_64 0.1-4 3.00 33.00 36.00 OK

Check Details

Version: 0.1-4
Check: R code for possible problems
Result: NOTE
    garsim: no visible global function definition for ‘rnorm’
    garsim: no visible global function definition for ‘rpois’
    Undefined global functions or variables:
     rnorm rpois
    Consider adding
     importFrom("stats", "rnorm", "rpois")
    to your NAMESPACE.
Flavors: r-devel-linux-x86_64-debian-clang, r-devel-linux-x86_64-debian-gcc, r-devel-linux-x86_64-fedora-clang, r-devel-linux-x86_64-fedora-gcc, r-devel-windows-ix86+x86_64