CRAN Package Check Results for Package lubridate

Last updated on 2015-03-06 23:48:21.

Flavor Version Tinstall Tcheck Ttotal Status Flags
r-devel-linux-x86_64-debian-clang 1.3.3 3.44 38.65 42.09 NOTE
r-devel-linux-x86_64-debian-gcc 1.3.3 3.17 37.84 41.01 NOTE
r-devel-linux-x86_64-fedora-clang 1.3.3 85.24 NOTE
r-devel-linux-x86_64-fedora-gcc 1.3.3 79.99 NOTE
r-devel-osx-x86_64-clang 1.3.3 85.04 NOTE
r-devel-windows-ix86+x86_64 1.3.3 17.00 86.00 103.00 NOTE
r-patched-linux-x86_64 1.3.3 4.34 46.77 51.11 NOTE
r-patched-solaris-sparc 1.3.3 601.00 NOTE
r-patched-solaris-x86 1.3.3 123.60 NOTE
r-release-linux-ix86 1.3.3 4.78 62.70 67.48 NOTE
r-release-linux-x86_64 1.3.3 5.06 46.20 51.27 NOTE
r-release-osx-x86_64-mavericks 1.3.3 NOTE
r-release-osx-x86_64-snowleopard 1.3.3 OK
r-release-windows-ix86+x86_64 1.3.3 17.00 98.00 115.00 NOTE
r-oldrel-windows-ix86+x86_64 1.3.3 14.00 97.00 111.00 NOTE

Memtest notes: UBSAN-clang-trunk UBSAN-gcc UBSAN

Check Details

Version: 1.3.3
Check: dependencies in R code
Result: NOTE
    Missing or unexported object: ‘fts::dates.fts’
Flavors: r-devel-linux-x86_64-debian-clang, r-devel-linux-x86_64-debian-gcc, r-devel-linux-x86_64-fedora-clang, r-devel-linux-x86_64-fedora-gcc, r-devel-osx-x86_64-clang, r-devel-windows-ix86+x86_64, r-patched-linux-x86_64, r-patched-solaris-sparc, r-patched-solaris-x86

Version: 1.3.3
Check: S3 generic/method consistency
Result: NOTE
    Found the following apparent S3 methods exported but not registered:
     pretty.day pretty.hour pretty.min pretty.month pretty.point
     pretty.sec pretty.unit pretty.year
    See section ‘Registering S3 methods’ in the ‘Writing R Extensions’
    manual.
Flavors: r-devel-linux-x86_64-debian-clang, r-devel-linux-x86_64-debian-gcc, r-devel-linux-x86_64-fedora-clang, r-devel-linux-x86_64-fedora-gcc, r-devel-osx-x86_64-clang

Version: 1.3.3
Check: dependencies in R code
Result: NOTE
    Missing or unexported object: ‘fts::dates.fts’
    See the information on DESCRIPTION files in the chapter ‘Creating R
    packages’ of the ‘Writing R Extensions’ manual.
Flavors: r-release-linux-ix86, r-release-linux-x86_64, r-release-osx-x86_64-mavericks, r-release-windows-ix86+x86_64, r-oldrel-windows-ix86+x86_64