CRAN Package Check Results for Package lubridate

Last updated on 2014-10-30 05:47:21.

Flavor Version Tinstall Tcheck Ttotal Status Flags
r-devel-linux-x86_64-debian-clang 1.3.3 3.90 43.86 47.75 NOTE
r-devel-linux-x86_64-debian-gcc 1.3.3 3.68 42.71 46.38 NOTE
r-devel-linux-x86_64-fedora-clang 1.3.3 104.51 NOTE
r-devel-linux-x86_64-fedora-gcc 1.3.3 95.28 NOTE
r-devel-osx-x86_64-clang 1.3.3 90.22 NOTE
r-devel-windows-ix86+x86_64 1.3.3 12.00 84.00 96.00 NOTE
r-patched-linux-x86_64 1.3.3 3.92 46.39 50.31 NOTE
r-patched-solaris-sparc 1.3.3 560.20 NOTE
r-patched-solaris-x86 1.3.3 127.40 NOTE
r-release-linux-ix86 1.3.3 4.94 57.34 62.28 NOTE
r-release-linux-x86_64 1.3.3 3.89 45.26 49.15 NOTE
r-release-osx-x86_64-mavericks 1.3.3 NOTE
r-release-osx-x86_64-snowleopard 1.3.3 OK
r-release-windows-ix86+x86_64 1.3.3 12.00 96.00 108.00 NOTE
r-oldrel-windows-ix86+x86_64 1.3.3 12.00 102.00 114.00 NOTE

Memtest notes: UBSAN-gcc UBSAN

Check Details

Version: 1.3.3
Check: dependencies in R code
Result: NOTE
    Missing or unexported object: ‘fts::dates.fts’
    See the information on DESCRIPTION files in the chapter ‘Creating R
    packages’ of the ‘Writing R Extensions’ manual.
Flavors: r-devel-linux-x86_64-debian-clang, r-devel-linux-x86_64-debian-gcc, r-devel-linux-x86_64-fedora-clang, r-devel-linux-x86_64-fedora-gcc, r-devel-osx-x86_64-clang, r-devel-windows-ix86+x86_64, r-patched-linux-x86_64, r-patched-solaris-sparc, r-patched-solaris-x86, r-release-linux-ix86, r-release-linux-x86_64, r-release-osx-x86_64-mavericks, r-release-windows-ix86+x86_64, r-oldrel-windows-ix86+x86_64