CRAN Package Check Results for Package lubridate

Last updated on 2014-04-25 08:48:37.

Flavor Version Tinstall Tcheck Ttotal Status Flags
r-devel-linux-x86_64-debian-clang 1.3.3 4.17 47.06 51.22 NOTE
r-devel-linux-x86_64-debian-gcc 1.3.3 3.95 45.76 49.72 NOTE
r-devel-linux-x86_64-fedora-clang 1.3.3 104.84 NOTE
r-devel-linux-x86_64-fedora-gcc 1.3.3 100.55 NOTE
r-devel-osx-x86_64-clang 1.3.3 80.50 NOTE
r-devel-osx-x86_64-gcc 1.3.3 NOTE
r-devel-windows-ix86+x86_64 1.3.3 12.00 103.00 115.00 NOTE
r-patched-linux-x86_64 1.3.3 4.62 45.33 49.95 NOTE
r-patched-solaris-sparc 1.3.3 526.90 NOTE
r-patched-solaris-x86 1.3.3 121.90 NOTE
r-release-linux-ix86 1.3.3 6.00 74.00 80.00 NOTE
r-release-linux-x86_64 1.3.3 4.04 45.47 49.52 NOTE
r-release-osx-x86_64-mavericks 1.3.3 WARN
r-release-osx-x86_64-snowleopard 1.3.3 OK
r-release-windows-ix86+x86_64 1.3.3 14.00 95.00 109.00 NOTE
r-oldrel-windows-ix86+x86_64 1.3.3 14.00 98.00 112.00 NOTE

Memtest notes: UBSAN

Check Details

Version: 1.3.3
Check: dependencies in R code
Result: NOTE
    Missing or unexported object: ‘fts::dates.fts’
    See the information on DESCRIPTION files in the chapter ‘Creating R
    packages’ of the ‘Writing R Extensions’ manual.
Flavors: r-devel-linux-x86_64-debian-clang, r-devel-linux-x86_64-debian-gcc, r-devel-linux-x86_64-fedora-clang, r-devel-linux-x86_64-fedora-gcc, r-devel-osx-x86_64-clang, r-devel-windows-ix86+x86_64, r-patched-linux-x86_64, r-patched-solaris-sparc, r-patched-solaris-x86, r-release-linux-ix86, r-release-linux-x86_64, r-release-osx-x86_64-mavericks, r-release-windows-ix86+x86_64, r-oldrel-windows-ix86+x86_64

Version: 1.3.3
Check: package dependencies
Result: NOTE
    Package suggested but not available for checking: ‘knitr’
    
    Packages which this enhances but not available for checking:
     ‘zoo’ ‘xts’ ‘its’ ‘fts’ ‘tseries’
Flavor: r-devel-osx-x86_64-gcc

Version: 1.3.3
Check: PDF version of manual
Result: WARNING
    LaTeX errors when creating PDF version.
    This typically indicates Rd problems.
    LaTeX errors found:
    ! LaTeX Error: File `upquote.sty' not found.
    
    Type X to quit or <RETURN> to proceed,
    or enter new name. (Default extension: sty)
    
    de25fd/Rd2.tex:8: ==> Fatal error occurred, no output PDF file produced!
Flavor: r-release-osx-x86_64-mavericks