CRAN Package Check Results for Package lubridate

Last updated on 2014-06-27 11:50:25.

Flavor Version Tinstall Tcheck Ttotal Status Flags
r-devel-linux-x86_64-debian-clang 1.3.3 4.02 45.90 49.93 NOTE
r-devel-linux-x86_64-debian-gcc 1.3.3 3.85 45.80 49.65 NOTE
r-devel-linux-x86_64-fedora-clang 1.3.3 107.01 NOTE
r-devel-linux-x86_64-fedora-gcc 1.3.3 101.29 NOTE
r-devel-osx-x86_64-clang 1.3.3 88.49 NOTE
r-devel-windows-ix86+x86_64 1.3.3 13.00 93.00 106.00 NOTE
r-patched-linux-x86_64 1.3.3 4.17 44.38 48.55 NOTE
r-patched-solaris-sparc 1.3.3 526.90 NOTE
r-patched-solaris-x86 1.3.3 129.00 NOTE
r-release-linux-ix86 1.3.3 5.00 55.76 60.76 NOTE
r-release-linux-x86_64 1.3.3 3.96 45.99 49.95 NOTE
r-release-osx-x86_64-mavericks 1.3.3 NOTE
r-release-osx-x86_64-snowleopard 1.3.3 OK
r-release-windows-ix86+x86_64 1.3.3 12.00 94.00 106.00 NOTE
r-oldrel-windows-ix86+x86_64 1.3.3 11.00 99.00 110.00 NOTE

Memtest notes: UBSAN

Check Details

Version: 1.3.3
Check: dependencies in R code
Result: NOTE
    Missing or unexported object: ‘fts::dates.fts’
    See the information on DESCRIPTION files in the chapter ‘Creating R
    packages’ of the ‘Writing R Extensions’ manual.
Flavors: r-devel-linux-x86_64-debian-clang, r-devel-linux-x86_64-debian-gcc, r-devel-linux-x86_64-fedora-clang, r-devel-linux-x86_64-fedora-gcc, r-devel-osx-x86_64-clang, r-devel-windows-ix86+x86_64, r-patched-linux-x86_64, r-patched-solaris-sparc, r-patched-solaris-x86, r-release-linux-ix86, r-release-linux-x86_64, r-release-osx-x86_64-mavericks, r-release-windows-ix86+x86_64, r-oldrel-windows-ix86+x86_64