CRAN Package Check Results for Package lubridate

Last updated on 2014-09-23 01:48:30.

Flavor Version Tinstall Tcheck Ttotal Status Flags
r-devel-linux-x86_64-debian-clang 1.3.3 3.78 43.65 47.44 NOTE
r-devel-linux-x86_64-debian-gcc 1.3.3 4.00 43.26 47.25 NOTE
r-devel-linux-x86_64-fedora-clang 1.3.3 98.99 NOTE
r-devel-linux-x86_64-fedora-gcc 1.3.3 93.65 NOTE
r-devel-osx-x86_64-clang 1.3.3 83.38 NOTE
r-devel-windows-ix86+x86_64 1.3.3 10.00 90.00 100.00 NOTE
r-patched-linux-x86_64 1.3.3 4.16 44.78 48.94 NOTE
r-patched-solaris-sparc 1.3.3 560.20 NOTE
r-patched-solaris-x86 1.3.3 125.50 NOTE
r-release-linux-ix86 1.3.3 4.98 56.66 61.64 NOTE
r-release-linux-x86_64 1.3.3 3.88 45.41 49.29 NOTE
r-release-osx-x86_64-mavericks 1.3.3 NOTE
r-release-osx-x86_64-snowleopard 1.3.3 OK
r-release-windows-ix86+x86_64 1.3.3 11.00 101.00 112.00 NOTE
r-oldrel-windows-ix86+x86_64 1.3.3 11.00 91.00 102.00 NOTE

Memtest notes: UBSAN-gcc UBSAN

Check Details

Version: 1.3.3
Check: dependencies in R code
Result: NOTE
    Missing or unexported object: ‘fts::dates.fts’
    See the information on DESCRIPTION files in the chapter ‘Creating R
    packages’ of the ‘Writing R Extensions’ manual.
Flavors: r-devel-linux-x86_64-debian-clang, r-devel-linux-x86_64-debian-gcc, r-devel-linux-x86_64-fedora-clang, r-devel-linux-x86_64-fedora-gcc, r-devel-osx-x86_64-clang, r-devel-windows-ix86+x86_64, r-patched-linux-x86_64, r-patched-solaris-sparc, r-patched-solaris-x86, r-release-linux-ix86, r-release-linux-x86_64, r-release-osx-x86_64-mavericks, r-release-windows-ix86+x86_64, r-oldrel-windows-ix86+x86_64