CRAN Package Check Results for Package lubridate

Last updated on 2015-01-27 08:50:24.

Flavor Version Tinstall Tcheck Ttotal Status Flags
r-devel-linux-x86_64-debian-clang 1.3.3 3.49 43.59 47.08 NOTE
r-devel-linux-x86_64-debian-gcc 1.3.3 3.56 40.13 43.69 NOTE
r-devel-linux-x86_64-fedora-clang 1.3.3 96.41 NOTE
r-devel-linux-x86_64-fedora-gcc 1.3.3 92.22 NOTE
r-devel-osx-x86_64-clang 1.3.3 90.25 NOTE
r-devel-windows-ix86+x86_64 1.3.3 14.00 83.00 97.00 NOTE
r-patched-linux-x86_64 1.3.3 4.00 44.51 48.51 NOTE
r-patched-solaris-sparc 1.3.3 575.00 NOTE
r-patched-solaris-x86 1.3.3 124.50 NOTE
r-release-linux-ix86 1.3.3 4.77 55.05 59.82 NOTE
r-release-linux-x86_64 1.3.3 3.83 46.34 50.17 NOTE
r-release-osx-x86_64-mavericks 1.3.3 NOTE
r-release-osx-x86_64-snowleopard 1.3.3 OK
r-release-windows-ix86+x86_64 1.3.3 17.00 113.00 130.00 NOTE
r-oldrel-windows-ix86+x86_64 1.3.3 18.00 143.00 161.00 NOTE

Memtest notes: UBSAN-clang-trunk UBSAN-gcc UBSAN

Check Details

Version: 1.3.3
Check: dependencies in R code
Result: NOTE
    Missing or unexported object: ‘fts::dates.fts’
Flavors: r-devel-linux-x86_64-debian-clang, r-devel-linux-x86_64-debian-gcc, r-devel-linux-x86_64-fedora-clang, r-devel-linux-x86_64-fedora-gcc, r-devel-osx-x86_64-clang, r-devel-windows-ix86+x86_64

Version: 1.3.3
Check: S3 generic/method consistency
Result: NOTE
    Found the following apparent S3 methods exported but not registered:
     pretty.day pretty.hour pretty.min pretty.month pretty.point
     pretty.sec pretty.unit pretty.year
    See section ‘Registering S3 methods’ in the ‘Writing R Extensions’
    manual.
Flavors: r-devel-linux-x86_64-debian-gcc, r-devel-linux-x86_64-fedora-clang, r-devel-linux-x86_64-fedora-gcc, r-devel-osx-x86_64-clang

Version: 1.3.3
Check: dependencies in R code
Result: NOTE
    Missing or unexported object: ‘fts::dates.fts’
    See the information on DESCRIPTION files in the chapter ‘Creating R
    packages’ of the ‘Writing R Extensions’ manual.
Flavors: r-patched-linux-x86_64, r-patched-solaris-sparc, r-patched-solaris-x86, r-release-linux-ix86, r-release-linux-x86_64, r-release-osx-x86_64-mavericks, r-release-windows-ix86+x86_64, r-oldrel-windows-ix86+x86_64