CRAN Package Check Results for Package lubridate

Last updated on 2016-05-02 21:49:51.

Flavor Version Tinstall Tcheck Ttotal Status Flags
r-devel-linux-x86_64-debian-gcc 1.5.6 3.29 38.37 41.66 OK
r-devel-linux-x86_64-fedora-clang 1.5.6 76.47 OK
r-devel-linux-x86_64-fedora-gcc 1.5.6 71.57 OK
r-devel-osx-x86_64-clang 1.5.6 88.10 OK
r-devel-windows-ix86+x86_64 1.5.6 13.00 96.00 109.00 OK
r-patched-linux-x86_64 1.5.6 3.04 36.88 39.92 OK
r-patched-solaris-sparc 1.5.6 425.40 ERROR
r-patched-solaris-x86 1.5.6 94.10 ERROR
r-release-linux-x86_64 1.5.6 3.25 39.78 43.03 OK
r-release-osx-x86_64-mavericks 1.5.6 OK
r-release-windows-ix86+x86_64 1.5.6 13.00 86.00 99.00 OK
r-oldrel-windows-ix86+x86_64 1.5.6 24.00 138.00 162.00 OK

Check Details

Version: 1.5.6
Check: tests
Result: ERROR
    Running the tests in ‘tests/testthat.R’ failed.
    Last 13 lines of output:
     5: expect_that(object, equals(expected, label = expected.label, ...), info = info, label = label)
     6: condition(object)
     7: compare(actual, expected, ...)
     8: interval(t1, t2)
     9: as.POSIXct(start, tz = tzone)
     10: as.POSIXct.POSIXlt(start, tz = tzone)
    
     testthat results ================================================================
     OK: 1803 SKIPPED: 0 FAILED: 1
     1. Error: interval handles POSIXlt inputs
    
     Error: testthat unit tests failed
     Execution halted
Flavor: r-patched-solaris-sparc

Version: 1.5.6
Check: tests
Result: ERROR
    Running the tests in ‘tests/testthat.R’ failed.
    Last 13 lines of output:
     1: expect_equal(interval(t1, t2), new("Interval", 18316800, start = as.POSIXct("2007-01-01",
     tz = "UTC"), tzone = "UTC")) at testthat/test-intervals.R:86
     2: compare(object, expected, ...)
     3: interval(t1, t2)
     4: as.POSIXct(start, tz = tzone)
     5: as.POSIXct.POSIXlt(start, tz = tzone)
    
     testthat results ================================================================
     OK: 1803 SKIPPED: 0 FAILED: 1
     1. Error: interval handles POSIXlt inputs (@test-intervals.R#86)
    
     Error: testthat unit tests failed
     Execution halted
Flavor: r-patched-solaris-x86