CRAN Package Check Results for Package rminer

Last updated on 2014-08-29 20:48:04.

Flavor Version Tinstall Tcheck Ttotal Status Flags
r-devel-linux-x86_64-debian-clang 1.3.1 5.20 67.23 72.43 NOTE
r-devel-linux-x86_64-debian-gcc 1.3.1 5.01 65.66 70.67 NOTE
r-devel-linux-x86_64-fedora-clang 1.3.1 170.71 NOTE
r-devel-linux-x86_64-fedora-gcc 1.3.1 160.72 NOTE
r-devel-osx-x86_64-clang 1.3.1 129.10 NOTE
r-devel-windows-ix86+x86_64 1.3.1 13.00 96.00 109.00 NOTE
r-patched-linux-x86_64 1.3.1 5.26 69.00 74.26 NOTE
r-patched-solaris-sparc 1.3.1 937.00 NOTE
r-patched-solaris-x86 1.3.1 210.70 NOTE
r-release-linux-ix86 1.3.1 6.29 84.96 91.26 NOTE
r-release-linux-x86_64 1.3.1 5.43 69.76 75.19 NOTE
r-release-osx-x86_64-mavericks 1.3.1 NOTE
r-release-osx-x86_64-snowleopard 1.3.1 NOTE
r-release-windows-ix86+x86_64 1.3.1 14.00 96.00 110.00 NOTE
r-oldrel-windows-ix86+x86_64 1.3.1 13.00 135.00 148.00 NOTE

Check Details

Version: 1.3.1
Check: dependencies in R code
Result: NOTE
    Namespace in Imports field not imported from: ‘methods’
     All declared Imports should be used.
    See the information on DESCRIPTION files in the chapter ‘Creating R
    packages’ of the ‘Writing R Extensions’ manual.
Flavors: r-devel-linux-x86_64-debian-clang, r-devel-linux-x86_64-debian-gcc, r-devel-linux-x86_64-fedora-clang, r-devel-linux-x86_64-fedora-gcc, r-devel-osx-x86_64-clang, r-devel-windows-ix86+x86_64, r-patched-linux-x86_64, r-patched-solaris-sparc, r-patched-solaris-x86, r-release-linux-ix86, r-release-linux-x86_64, r-release-osx-x86_64-mavericks, r-release-osx-x86_64-snowleopard, r-release-windows-ix86+x86_64, r-oldrel-windows-ix86+x86_64

Version: 1.3.1
Check: R code for possible problems
Result: NOTE
    fit: no visible global function definition for ‘mars’
    fit: no visible global function definition for ‘bruto’
    fit: no visible global function definition for ‘lda’
    fit: no visible global function definition for ‘qda’
    fit: no visible global function definition for ‘randomForest’
Flavors: r-devel-linux-x86_64-debian-clang, r-devel-linux-x86_64-debian-gcc, r-devel-linux-x86_64-fedora-clang, r-devel-linux-x86_64-fedora-gcc, r-devel-osx-x86_64-clang, r-devel-windows-ix86+x86_64