CRAN Package Check Results for Package rminer

Last updated on 2015-09-04 19:47:39.

Flavor Version Tinstall Tcheck Ttotal Status Flags
r-devel-linux-x86_64-debian-clang 1.4.1 7.16 76.72 83.88 OK
r-devel-linux-x86_64-debian-gcc 1.4.1 5.77 76.39 82.16 OK
r-devel-linux-x86_64-fedora-clang 1.4.1 166.21 OK
r-devel-linux-x86_64-fedora-gcc 1.4.1 160.59 OK
r-devel-osx-x86_64-clang 1.4.1 110.39 OK
r-devel-windows-ix86+x86_64 1.4.1 18.00 111.00 129.00 OK
r-patched-linux-x86_64 1.4.1 6.10 78.02 84.12 OK
r-patched-solaris-sparc 1.4.1 1044.20 OK
r-patched-solaris-x86 1.4.1 238.80 OK
r-release-linux-x86_64 1.4.1 6.56 79.62 86.17 OK
r-release-osx-x86_64-mavericks 1.4.1 ERROR
r-release-windows-ix86+x86_64 1.4.1 27.00 133.00 160.00 OK
r-oldrel-windows-ix86+x86_64 1.4.1 43.00 242.00 285.00 OK

Check Details

Version: 1.4.1
Check: package dependencies
Result: ERROR
    Package required but not available: ‘adabag’
    
    See section ‘The DESCRIPTION file’ in the ‘Writing R Extensions’
    manual.
Flavor: r-release-osx-x86_64-mavericks