CRAN Package Check Results for Package rminer

Last updated on 2014-04-24 05:47:30.

Flavor Version Tinstall Tcheck Ttotal Status Flags
r-devel-linux-x86_64-debian-clang 1.3.1 5.65 72.88 78.54 NOTE
r-devel-linux-x86_64-debian-gcc 1.3.1 5.48 72.30 77.78 NOTE
r-devel-linux-x86_64-fedora-clang 1.3.1 172.62 NOTE
r-devel-linux-x86_64-fedora-gcc 1.3.1 169.55 NOTE
r-devel-osx-x86_64-clang 1.3.1 138.08 NOTE
r-devel-osx-x86_64-gcc 1.3.1 ERROR
r-devel-windows-ix86+x86_64 1.3.1 14.00 91.00 105.00 NOTE
r-patched-linux-x86_64 1.3.1 5.43 72.51 77.94 NOTE
r-patched-solaris-sparc 1.3.1 940.60 NOTE
r-patched-solaris-x86 1.3.1 210.40 NOTE
r-release-linux-ix86 1.3.1 8.00 112.00 120.00 NOTE
r-release-linux-x86_64 1.3.1 5.66 72.60 78.26 NOTE
r-release-osx-x86_64-mavericks 1.3.1 WARN
r-release-osx-x86_64-snowleopard 1.3.1 NOTE
r-release-windows-ix86+x86_64 1.3.1 14.00 98.00 112.00 NOTE
r-oldrel-windows-ix86+x86_64 1.3.1 12.00 92.00 104.00 NOTE

Check Details

Version: 1.3.1
Check: dependencies in R code
Result: NOTE
    Namespace in Imports field not imported from: ‘methods’
     All declared Imports should be used.
    See the information on DESCRIPTION files in the chapter ‘Creating R
    packages’ of the ‘Writing R Extensions’ manual.
Flavors: r-devel-linux-x86_64-debian-clang, r-devel-linux-x86_64-debian-gcc, r-devel-linux-x86_64-fedora-clang, r-devel-linux-x86_64-fedora-gcc, r-devel-osx-x86_64-clang, r-devel-windows-ix86+x86_64, r-patched-linux-x86_64, r-patched-solaris-sparc, r-patched-solaris-x86, r-release-linux-ix86, r-release-linux-x86_64, r-release-osx-x86_64-mavericks, r-release-osx-x86_64-snowleopard, r-release-windows-ix86+x86_64, r-oldrel-windows-ix86+x86_64

Version: 1.3.1
Check: package dependencies
Result: ERROR
    Package required but not available: ‘kknn’
    
    See the information on DESCRIPTION files in the chapter ‘Creating R
    packages’ of the ‘Writing R Extensions’ manual.
Flavor: r-devel-osx-x86_64-gcc

Version: 1.3.1
Check: PDF version of manual
Result: WARNING
    LaTeX errors when creating PDF version.
    This typically indicates Rd problems.
    LaTeX errors found:
    ! LaTeX Error: File `upquote.sty' not found.
    
    Type X to quit or <RETURN> to proceed,
    or enter new name. (Default extension: sty)
    
    eb30e74/Rd2.tex:8: ==> Fatal error occurred, no output PDF file produced!
Flavor: r-release-osx-x86_64-mavericks