CRAN Package Check Results for Package rminer

Last updated on 2014-06-27 11:50:29.

Flavor Version Tinstall Tcheck Ttotal Status Flags
r-devel-linux-x86_64-debian-clang 1.3.1 5.42 70.20 75.61 NOTE
r-devel-linux-x86_64-debian-gcc 1.3.1 5.46 69.18 74.64 NOTE
r-devel-linux-x86_64-fedora-clang 1.3.1 175.83 NOTE
r-devel-linux-x86_64-fedora-gcc 1.3.1 167.23 NOTE
r-devel-osx-x86_64-clang 1.3.1 134.25 NOTE
r-devel-windows-ix86+x86_64 1.3.1 12.00 96.00 108.00 NOTE
r-patched-linux-x86_64 1.3.1 5.30 69.54 74.84 NOTE
r-patched-solaris-sparc 1.3.1 940.60 NOTE
r-patched-solaris-x86 1.3.1 214.20 NOTE
r-release-linux-ix86 1.3.1 6.25 85.46 91.70 NOTE
r-release-linux-x86_64 1.3.1 5.60 70.45 76.05 NOTE
r-release-osx-x86_64-mavericks 1.3.1 NOTE
r-release-osx-x86_64-snowleopard 1.3.1 NOTE
r-release-windows-ix86+x86_64 1.3.1 14.00 94.00 108.00 NOTE
r-oldrel-windows-ix86+x86_64 1.3.1 13.00 100.00 113.00 NOTE

Check Details

Version: 1.3.1
Check: dependencies in R code
Result: NOTE
    Namespace in Imports field not imported from: ‘methods’
     All declared Imports should be used.
    See the information on DESCRIPTION files in the chapter ‘Creating R
    packages’ of the ‘Writing R Extensions’ manual.
Flavors: r-devel-linux-x86_64-debian-clang, r-devel-linux-x86_64-debian-gcc, r-devel-linux-x86_64-fedora-clang, r-devel-linux-x86_64-fedora-gcc, r-devel-osx-x86_64-clang, r-devel-windows-ix86+x86_64, r-patched-linux-x86_64, r-patched-solaris-sparc, r-patched-solaris-x86, r-release-linux-ix86, r-release-linux-x86_64, r-release-osx-x86_64-mavericks, r-release-osx-x86_64-snowleopard, r-release-windows-ix86+x86_64, r-oldrel-windows-ix86+x86_64