CRAN Package Check Results for Package rminer

Last updated on 2015-06-30 14:48:06.

Flavor Version Tinstall Tcheck Ttotal Status Flags
r-devel-linux-x86_64-debian-clang 1.4 6.30 76.43 82.73 NOTE
r-devel-linux-x86_64-debian-gcc 1.4 5.66 74.81 80.47 NOTE
r-devel-linux-x86_64-fedora-clang 1.4 169.56 NOTE
r-devel-linux-x86_64-fedora-gcc 1.4 159.74 OK
r-devel-osx-x86_64-clang 1.4 125.07 OK
r-devel-windows-ix86+x86_64 1.4 20.00 113.00 133.00 NOTE
r-patched-linux-x86_64 1.4 5.92 73.76 79.68 OK
r-patched-solaris-sparc 1.4 1003.70 OK
r-patched-solaris-x86 1.4 224.40 OK
r-release-linux-x86_64 1.4 6.01 78.13 84.14 OK
r-release-osx-x86_64-mavericks 1.4 OK
r-release-windows-ix86+x86_64 1.4 28.00 123.00 151.00 OK
r-oldrel-windows-ix86+x86_64 1.4 38.00 206.00 244.00 OK

Check Details

Version: 1.4
Check: R code for possible problems
Result: NOTE
    AAD_responses: no visible global function definition for ‘median’
    Importance: no visible binding for global variable ‘lm’
    Importance: no visible global function definition for ‘median’
    MCrandom: no visible global function definition for ‘runif’
    centralaux: no visible global function definition for ‘median’
    cmatrixplot: no visible global function definition for ‘par’
    cmatrixplot: no visible global function definition for ‘axis’
    cmatrixplot: no visible global function definition for ‘gray’
    conflevel: no visible global function definition for ‘t.test’
    dlplot: no visible global function definition for ‘plot’
    dlplot: no visible global function definition for ‘axis’
    dlplot: no visible global function definition for ‘lines’
    dlplot: no visible global function definition for ‘points’
    dlplot: no visible global function definition for ‘text’
    fit: no visible global function definition for ‘model.frame’
    fit: no visible global function definition for ‘as.formula’
    fit: no visible global function definition for ‘capture.output’
    fit: no visible global function definition for ‘new’
    forplot: no visible global function definition for ‘pdf’
    forplot: no visible global function definition for ‘par’
    forplot: no visible global function definition for ‘plot’
    forplot: no visible global function definition for ‘grid’
    forplot: no visible binding for global variable ‘end’
    forplot: no visible global function definition for ‘axis’
    forplot: no visible global function definition for ‘lines’
    forplot: no visible global function definition for ‘legend’
    forplot: no visible global function definition for ‘dev.off’
    hotdeck: no visible global function definition for ‘as.formula’
    mgraph: no visible global function definition for ‘pdf’
    mgraph: no visible global function definition for ‘par’
    mgraph: no visible global function definition for ‘plot’
    mgraph: no visible global function definition for ‘grid’
    mgraph: no visible global function definition for ‘lines’
    mgraph: no visible global function definition for ‘legend’
    mgraph: no visible global function definition for ‘dev.off’
    mgraph: no visible global function definition for ‘barplot’
    mgraph: no visible global function definition for ‘text’
    mgraph: no visible global function definition for ‘points’
    mgraph: no visible global function definition for ‘abline’
    mhistogram: no visible global function definition for ‘pdf’
    mhistogram: no visible global function definition for ‘par’
    mhistogram: no visible global function definition for ‘hist’
    mhistogram: no visible global function definition for ‘axis’
    mhistogram: no visible global function definition for ‘dev.off’
    middleclass: no visible global function definition for ‘median’
    mining: no visible global function definition for ‘model.frame’
    mining: no visible global function definition for ‘as.formula’
    mlp.fit: no visible global function definition for ‘sd’
    mmetric: no visible global function definition for ‘chisq.test’
    mmetric: no visible global function definition for ‘median’
    modelplot: no visible global function definition for ‘plot’
    modelplot: no visible global function definition for ‘text’
    plotH: no visible global function definition for ‘segments’
    rmboxplot: no visible global function definition for ‘plot’
    rmboxplot: no visible global function definition for ‘grid’
    rmboxplot: no visible global function definition for ‘axis’
    rmboxplot: no visible global function definition for ‘lines’
    rmboxplot: no visible global function definition for ‘boxplot’
    rmboxplot: no visible global function definition for ‘points’
    rmsample: no visible global function definition for ‘quantile’
    rmsample: no visible global function definition for ‘kmeans’
    scaleinputs: no visible global function definition for ‘sd’
    svm.fit: no visible global function definition for ‘sd’
    svm.fit: no visible global function definition for ‘capture.output’
    tsacf: no visible global function definition for ‘pdf’
    tsacf: no visible global function definition for ‘par’
    tsacf: no visible global function definition for ‘acf’
    tsacf: no visible global function definition for ‘plot’
    tsacf: no visible global function definition for ‘text’
    tsacf: no visible global function definition for ‘dev.off’
    tsplot: no visible global function definition for ‘pdf’
    tsplot: no visible global function definition for ‘par’
    tsplot: no visible global function definition for ‘plot’
    tsplot: no visible global function definition for ‘abline’
    tsplot: no visible global function definition for ‘text’
    tsplot: no visible global function definition for ‘dev.off’
    variance_responses: no visible global function definition for ‘var’
    vecplot: no visible global function definition for ‘hist’
    vecplot: no visible global function definition for ‘axis’
    vecplot: no visible global function definition for ‘par’
    vecplot: no visible global function definition for ‘plot’
    vecplot: no visible global function definition for ‘grid’
    vecplot: no visible global function definition for ‘text’
    vecplot: no visible global function definition for ‘segments’
    vecplot: no visible global function definition for ‘lines’
    vecplot: no visible global function definition for ‘legend’
    vecplot: no visible global function definition for ‘gray’
    vecplot: no visible global function definition for ‘filled.contour’
    vecplot: no visible global function definition for ‘title’
    yaggregate: no visible global function definition for ‘quantile’
Flavors: r-devel-linux-x86_64-debian-clang, r-devel-linux-x86_64-debian-gcc, r-devel-linux-x86_64-fedora-clang, r-devel-windows-ix86+x86_64