CRAN Package Check Results for Package rpubchem

Last updated on 2015-07-31 23:48:00.

Flavor Version Tinstall Tcheck Ttotal Status Flags
r-devel-linux-x86_64-debian-clang 1.5.0.2 4.15 44.83 48.98 NOTE
r-devel-linux-x86_64-debian-gcc 1.5.0.2 4.28 43.38 47.67 NOTE
r-devel-linux-x86_64-fedora-clang 1.5.0.2 103.68 NOTE
r-devel-linux-x86_64-fedora-gcc 1.5.0.2 92.47 NOTE
r-devel-osx-x86_64-clang 1.5.0.2 82.20 NOTE
r-devel-windows-ix86+x86_64 1.5.0.2 11.00 66.00 77.00 NOTE
r-patched-linux-x86_64 1.5.0.2 4.01 44.72 48.73 NOTE
r-patched-solaris-sparc 1.5.0.2 595.50 NOTE
r-patched-solaris-x86 1.5.0.2 131.10 NOTE
r-release-linux-x86_64 1.5.0.2 3.98 43.01 47.00 NOTE
r-release-osx-x86_64-mavericks 1.5.0.2 NOTE
r-release-windows-ix86+x86_64 1.5.0.2 15.00 71.00 86.00 NOTE
r-oldrel-windows-ix86+x86_64 1.5.0.2 21.00 109.00 130.00 OK

Check Details

Version: 1.5.0.2
Check: DESCRIPTION meta-information
Result: NOTE
    Malformed Description field: should contain one or more complete sentences.
Flavors: r-devel-linux-x86_64-debian-clang, r-devel-linux-x86_64-debian-gcc, r-devel-linux-x86_64-fedora-clang, r-devel-linux-x86_64-fedora-gcc, r-devel-osx-x86_64-clang, r-devel-windows-ix86+x86_64, r-patched-linux-x86_64, r-patched-solaris-sparc, r-patched-solaris-x86, r-release-linux-x86_64, r-release-osx-x86_64-mavericks, r-release-windows-ix86+x86_64

Version: 1.5.0.2
Check: R code for possible problems
Result: NOTE
    .find.compound.count: no visible global function definition for
     ‘URLencode’
    .find.compound.count: no visible global function definition for
     ‘download.file’
    .get.xml.file: no visible global function definition for
     ‘download.file’
    .getAssay: no visible global function definition for ‘read.csv’
    find.assay.id: no visible global function definition for ‘URLencode’
    find.assay.id: no visible global function definition for
     ‘download.file’
    get.aid.by.cid: no visible global function definition for
     ‘download.file’
    get.aid.by.cid: no visible global function definition for ‘read.csv’
    get.assay.desc: no visible global function definition for
     ‘download.file’
    Undefined global functions or variables:
     URLencode download.file read.csv
    Consider adding
     importFrom("utils", "URLencode", "download.file", "read.csv")
    to your NAMESPACE.
Flavors: r-devel-linux-x86_64-debian-clang, r-devel-linux-x86_64-debian-gcc, r-devel-linux-x86_64-fedora-clang, r-devel-linux-x86_64-fedora-gcc, r-devel-windows-ix86+x86_64