CRAN Package Check Results for Package rpubchem

Last updated on 2016-08-24 06:47:55.

Flavor Version Tinstall Tcheck Ttotal Status Flags
r-devel-linux-x86_64-debian-clang 1.5.0.2 4.36 46.28 50.64 NOTE
r-devel-linux-x86_64-debian-gcc 1.5.0.2 4.50 44.25 48.74 NOTE
r-devel-linux-x86_64-fedora-clang 1.5.0.2 101.24 NOTE
r-devel-linux-x86_64-fedora-gcc 1.5.0.2 94.79 NOTE
r-devel-osx-x86_64-clang 1.5.0.2 77.06 NOTE
r-devel-windows-ix86+x86_64 1.5.0.2 15.00 115.00 130.00 NOTE
r-patched-linux-x86_64 1.5.0.2 3.96 42.46 46.42 NOTE
r-patched-solaris-sparc 1.5.0.2 563.70 NOTE
r-patched-solaris-x86 1.5.0.2 126.20 NOTE
r-release-linux-x86_64 1.5.0.2 3.93 42.57 46.50 NOTE
r-release-osx-x86_64-mavericks 1.5.0.2 NOTE
r-release-windows-ix86+x86_64 1.5.0.2 14.00 106.00 120.00 NOTE
r-oldrel-windows-ix86+x86_64 1.5.0.2 15.00 77.00 92.00 NOTE

Check Details

Version: 1.5.0.2
Check: DESCRIPTION meta-information
Result: NOTE
    Malformed Description field: should contain one or more complete sentences.
Flavors: r-devel-linux-x86_64-debian-clang, r-devel-linux-x86_64-debian-gcc, r-devel-linux-x86_64-fedora-clang, r-devel-linux-x86_64-fedora-gcc, r-devel-osx-x86_64-clang, r-devel-windows-ix86+x86_64, r-patched-linux-x86_64, r-patched-solaris-sparc, r-patched-solaris-x86, r-release-linux-x86_64, r-release-osx-x86_64-mavericks, r-release-windows-ix86+x86_64, r-oldrel-windows-ix86+x86_64

Version: 1.5.0.2
Check: R code for possible problems
Result: NOTE
    .find.compound.count: no visible global function definition for
     ‘URLencode’
    .find.compound.count: no visible global function definition for
     ‘download.file’
    .get.xml.file: no visible global function definition for
     ‘download.file’
    .getAssay: no visible global function definition for ‘read.csv’
    find.assay.id: no visible global function definition for ‘URLencode’
    find.assay.id: no visible global function definition for
     ‘download.file’
    get.aid.by.cid: no visible global function definition for
     ‘download.file’
    get.aid.by.cid: no visible global function definition for ‘read.csv’
    get.assay.desc: no visible global function definition for
     ‘download.file’
    Undefined global functions or variables:
     URLencode download.file read.csv
    Consider adding
     importFrom("utils", "URLencode", "download.file", "read.csv")
    to your NAMESPACE file.
Flavors: r-devel-linux-x86_64-debian-clang, r-devel-linux-x86_64-debian-gcc, r-devel-linux-x86_64-fedora-clang, r-devel-linux-x86_64-fedora-gcc, r-devel-osx-x86_64-clang, r-devel-windows-ix86+x86_64, r-patched-linux-x86_64, r-patched-solaris-sparc, r-patched-solaris-x86, r-release-linux-x86_64, r-release-osx-x86_64-mavericks, r-release-windows-ix86+x86_64