CRAN Package Check Results for Package rpubchem

Last updated on 2016-02-08 19:48:38.

Flavor Version Tinstall Tcheck Ttotal Status Flags
r-devel-linux-x86_64-debian-gcc 1.5.0.2 4.07 41.34 45.41 NOTE
r-devel-linux-x86_64-fedora-clang 1.5.0.2 96.49 NOTE
r-devel-linux-x86_64-fedora-gcc 1.5.0.2 90.79 NOTE
r-devel-osx-x86_64-clang 1.5.0.2 103.90 NOTE
r-devel-windows-ix86+x86_64 1.5.0.2 15.00 98.00 113.00 NOTE
r-patched-linux-x86_64 1.5.0.2 4.49 45.53 50.02 NOTE
r-patched-solaris-sparc 1.5.0.2 605.00 NOTE
r-patched-solaris-x86 1.5.0.2 131.50 NOTE
r-release-linux-x86_64 1.5.0.2 4.53 45.60 50.13 NOTE
r-release-osx-x86_64-mavericks 1.5.0.2 NOTE
r-release-windows-ix86+x86_64 1.5.0.2 16.00 73.00 89.00 NOTE
r-oldrel-windows-ix86+x86_64 1.5.0.2 27.00 110.00 137.00 OK

Check Details

Version: 1.5.0.2
Check: DESCRIPTION meta-information
Result: NOTE
    Malformed Description field: should contain one or more complete sentences.
Flavors: r-devel-linux-x86_64-debian-gcc, r-devel-linux-x86_64-fedora-clang, r-devel-linux-x86_64-fedora-gcc, r-devel-osx-x86_64-clang, r-devel-windows-ix86+x86_64, r-patched-linux-x86_64, r-patched-solaris-sparc, r-patched-solaris-x86, r-release-linux-x86_64, r-release-osx-x86_64-mavericks, r-release-windows-ix86+x86_64

Version: 1.5.0.2
Check: R code for possible problems
Result: NOTE
    .find.compound.count: no visible global function definition for
     ‘URLencode’
    .find.compound.count: no visible global function definition for
     ‘download.file’
    .get.xml.file: no visible global function definition for
     ‘download.file’
    .getAssay: no visible global function definition for ‘read.csv’
    find.assay.id: no visible global function definition for ‘URLencode’
    find.assay.id: no visible global function definition for
     ‘download.file’
    get.aid.by.cid: no visible global function definition for
     ‘download.file’
    get.aid.by.cid: no visible global function definition for ‘read.csv’
    get.assay.desc: no visible global function definition for
     ‘download.file’
    Undefined global functions or variables:
     URLencode download.file read.csv
    Consider adding
     importFrom("utils", "URLencode", "download.file", "read.csv")
    to your NAMESPACE file.
Flavors: r-devel-linux-x86_64-debian-gcc, r-devel-linux-x86_64-fedora-clang, r-devel-linux-x86_64-fedora-gcc, r-devel-osx-x86_64-clang, r-devel-windows-ix86+x86_64