CRAN Package Check Results for Package rpubchem

Last updated on 2015-04-16 19:51:07.

Flavor Version Tinstall Tcheck Ttotal Status Flags
r-devel-linux-x86_64-debian-clang 1.5.0.2 4.14 43.90 48.04 NOTE
r-devel-linux-x86_64-debian-gcc 1.5.0.2 4.01 43.83 47.84 NOTE
r-devel-linux-x86_64-fedora-clang 1.5.0.2 101.87 NOTE
r-devel-linux-x86_64-fedora-gcc 1.5.0.2 93.00 NOTE
r-devel-osx-x86_64-clang 1.5.0.2 83.39 NOTE
r-prerel-windows-ix86+x86_64 1.5.0.2 12.00 64.00 76.00 NOTE
r-prerel-linux-x86_64 1.5.0.2 4.03 43.24 47.27 NOTE
r-prerel-solaris-sparc 1.5.0.2 556.10 NOTE
r-prerel-solaris-x86 1.5.0.2 128.20 NOTE
r-release-linux-x86_64 1.5.0.2 6.61 61.34 67.95 OK
r-release-osx-x86_64-mavericks 1.5.0.2 OK
r-release-osx-x86_64-snowleopard 1.5.0.2 OK
r-release-windows-ix86+x86_64 1.5.0.2 22.00 98.00 120.00 OK
r-oldrel-windows-ix86+x86_64 1.5.0.2 16.00 95.00 111.00 OK

Check Details

Version: 1.5.0.2
Check: DESCRIPTION meta-information
Result: NOTE
    Malformed Description field: should contain one or more complete sentences.
Flavors: r-devel-linux-x86_64-debian-clang, r-devel-linux-x86_64-debian-gcc, r-devel-linux-x86_64-fedora-clang, r-devel-linux-x86_64-fedora-gcc, r-devel-osx-x86_64-clang, r-prerel-windows-ix86+x86_64, r-prerel-linux-x86_64, r-prerel-solaris-sparc, r-prerel-solaris-x86