CRAN Package Check Results for Package rpubchem

Last updated on 2015-09-02 23:47:09.

Flavor Version Tinstall Tcheck Ttotal Status Flags
r-devel-linux-x86_64-debian-clang 1.5.0.2 4.02 42.66 46.68 NOTE
r-devel-linux-x86_64-debian-gcc 1.5.0.2 3.86 41.45 45.31 NOTE
r-devel-linux-x86_64-fedora-clang 1.5.0.2 98.87 NOTE
r-devel-linux-x86_64-fedora-gcc 1.5.0.2 95.61 NOTE
r-devel-osx-x86_64-clang 1.5.0.2 75.57 NOTE
r-devel-windows-ix86+x86_64 1.5.0.2 17.00 80.00 97.00 NOTE
r-patched-linux-x86_64 1.5.0.2 4.26 45.45 49.71 NOTE
r-patched-solaris-sparc 1.5.0.2 595.50 NOTE
r-patched-solaris-x86 1.5.0.2 143.70 NOTE
r-release-linux-x86_64 1.5.0.2 4.34 44.99 49.34 NOTE
r-release-osx-x86_64-mavericks 1.5.0.2 NOTE
r-release-windows-ix86+x86_64 1.5.0.2 17.00 70.00 87.00 NOTE
r-oldrel-windows-ix86+x86_64 1.5.0.2 29.00 121.00 150.00 OK

Check Details

Version: 1.5.0.2
Check: DESCRIPTION meta-information
Result: NOTE
    Malformed Description field: should contain one or more complete sentences.
Flavors: r-devel-linux-x86_64-debian-clang, r-devel-linux-x86_64-debian-gcc, r-devel-linux-x86_64-fedora-clang, r-devel-linux-x86_64-fedora-gcc, r-devel-osx-x86_64-clang, r-devel-windows-ix86+x86_64, r-patched-linux-x86_64, r-patched-solaris-sparc, r-patched-solaris-x86, r-release-linux-x86_64, r-release-osx-x86_64-mavericks, r-release-windows-ix86+x86_64

Version: 1.5.0.2
Check: R code for possible problems
Result: NOTE
    .find.compound.count: no visible global function definition for
     ‘URLencode’
    .find.compound.count: no visible global function definition for
     ‘download.file’
    .get.xml.file: no visible global function definition for
     ‘download.file’
    .getAssay: no visible global function definition for ‘read.csv’
    find.assay.id: no visible global function definition for ‘URLencode’
    find.assay.id: no visible global function definition for
     ‘download.file’
    get.aid.by.cid: no visible global function definition for
     ‘download.file’
    get.aid.by.cid: no visible global function definition for ‘read.csv’
    get.assay.desc: no visible global function definition for
     ‘download.file’
    Undefined global functions or variables:
     URLencode download.file read.csv
    Consider adding
     importFrom("utils", "URLencode", "download.file", "read.csv")
    to your NAMESPACE.
Flavors: r-devel-linux-x86_64-debian-clang, r-devel-linux-x86_64-debian-gcc, r-devel-linux-x86_64-fedora-clang, r-devel-linux-x86_64-fedora-gcc, r-devel-windows-ix86+x86_64