CRAN Package Check Results for Package sos

Last updated on 2014-12-20 19:48:32.

Flavor Version Tinstall Tcheck Ttotal Status Flags
r-devel-linux-x86_64-debian-clang 1.3-8 0.76 288.50 289.27 NOTE
r-devel-linux-x86_64-debian-gcc 1.3-8 0.70 289.95 290.65 NOTE
r-devel-linux-x86_64-fedora-clang 1.3-8 107.26 NOTE
r-devel-linux-x86_64-fedora-gcc 1.3-8 97.67 NOTE
r-devel-osx-x86_64-clang 1.3-8 271.41 NOTE
r-devel-windows-ix86+x86_64 1.3-8 3.00 296.00 299.00 NOTE
r-patched-linux-x86_64 1.3-8 0.74 288.98 289.72 NOTE
r-patched-solaris-sparc 1.3-8 548.40 NOTE
r-patched-solaris-x86 1.3-8 143.60 NOTE
r-release-linux-ix86 1.3-8 1.07 317.02 318.09 NOTE
r-release-linux-x86_64 1.3-8 0.75 289.90 290.65 NOTE
r-release-osx-x86_64-mavericks 1.3-8 NOTE
r-release-osx-x86_64-snowleopard 1.3-8 OK
r-release-windows-ix86+x86_64 1.3-8 4.00 301.00 305.00 NOTE
r-oldrel-windows-ix86+x86_64 1.3-8 3.00 309.00 312.00 NOTE

Check Details

Version: 1.3-8
Check: dependencies in R code
Result: NOTE
    Package in Depends field not imported from: ‘brew’
     These packages need to be imported from (in the NAMESPACE file)
     for when this namespace is loaded but not attached.
    See the information on DESCRIPTION files in the chapter ‘Creating R
    packages’ of the ‘Writing R Extensions’ manual.
Flavors: r-devel-linux-x86_64-debian-clang, r-devel-linux-x86_64-debian-gcc, r-devel-linux-x86_64-fedora-clang, r-devel-linux-x86_64-fedora-gcc, r-devel-osx-x86_64-clang, r-devel-windows-ix86+x86_64, r-patched-linux-x86_64, r-patched-solaris-sparc, r-patched-solaris-x86, r-release-linux-ix86, r-release-linux-x86_64, r-release-osx-x86_64-mavericks, r-release-windows-ix86+x86_64, r-oldrel-windows-ix86+x86_64

Version: 1.3-8
Check: R code for possible problems
Result: NOTE
    print.findFn: no visible global function definition for ‘brew’
Flavors: r-devel-linux-x86_64-debian-clang, r-devel-linux-x86_64-debian-gcc, r-devel-linux-x86_64-fedora-clang, r-devel-linux-x86_64-fedora-gcc, r-devel-osx-x86_64-clang, r-devel-windows-ix86+x86_64, r-patched-linux-x86_64, r-patched-solaris-sparc, r-patched-solaris-x86, r-release-linux-ix86, r-release-linux-x86_64, r-release-windows-ix86+x86_64

Version: 1.3-8
Check: package dependencies
Result: NOTE
    Package suggested but not available for checking: ‘RODBC’
Flavor: r-release-osx-x86_64-mavericks

Version: 1.3-8
Check: Rd cross-references
Result: NOTE
    Package unavailable to check Rd xrefs: ‘RODBC’
Flavor: r-release-osx-x86_64-mavericks