CRAN Package Check Results for Package sos

Last updated on 2014-04-24 14:48:58.

Flavor Version Tinstall Tcheck Ttotal Status Flags
r-devel-linux-x86_64-debian-clang 1.3-8 0.77 255.51 256.28 NOTE
r-devel-linux-x86_64-debian-gcc 1.3-8 0.79 244.76 245.55 NOTE
r-devel-linux-x86_64-fedora-clang 1.3-8 99.02 NOTE
r-devel-linux-x86_64-fedora-gcc 1.3-8 96.82 NOTE
r-devel-osx-x86_64-clang 1.3-8 268.61 NOTE
r-devel-osx-x86_64-gcc 1.3-8 ERROR
r-devel-windows-ix86+x86_64 1.3-8 2.00 277.00 279.00 NOTE
r-patched-linux-x86_64 1.3-8 0.81 255.47 256.28 NOTE
r-patched-solaris-sparc 1.3-8 513.30 NOTE
r-patched-solaris-x86 1.3-8 132.10 NOTE
r-release-linux-ix86 1.3-8 1.00 360.00 361.00 NOTE
r-release-linux-x86_64 1.3-8 0.76 259.14 259.91 NOTE
r-release-osx-x86_64-mavericks 1.3-8 WARN
r-release-osx-x86_64-snowleopard 1.3-8 OK
r-release-windows-ix86+x86_64 1.3-8 3.00 278.00 281.00 NOTE
r-oldrel-windows-ix86+x86_64 1.3-8 3.00 279.00 282.00 NOTE

Check Details

Version: 1.3-8
Check: dependencies in R code
Result: NOTE
    Package in Depends field not imported from: ‘brew’
     These packages need to be imported from (in the NAMESPACE file)
     for when this namespace is loaded but not attached.
    See the information on DESCRIPTION files in the chapter ‘Creating R
    packages’ of the ‘Writing R Extensions’ manual.
Flavors: r-devel-linux-x86_64-debian-clang, r-devel-linux-x86_64-debian-gcc, r-devel-linux-x86_64-fedora-clang, r-devel-linux-x86_64-fedora-gcc, r-devel-osx-x86_64-clang, r-devel-osx-x86_64-gcc, r-devel-windows-ix86+x86_64, r-patched-linux-x86_64, r-patched-solaris-sparc, r-patched-solaris-x86, r-release-linux-ix86, r-release-linux-x86_64, r-release-osx-x86_64-mavericks, r-release-windows-ix86+x86_64, r-oldrel-windows-ix86+x86_64

Version: 1.3-8
Check: package dependencies
Result: NOTE
    Package suggested but not available for checking: ‘fda’
Flavor: r-devel-osx-x86_64-gcc

Version: 1.3-8
Check: examples
Result: ERROR
    Running examples in ‘sos-Ex.R’ failed
    The error most likely occurred in:
    
    > ### Name: findFn
    > ### Title: Search Help Pages
    > ### Aliases: findFn ? ???
    > ### Keywords: misc
    >
    > ### ** Examples
    >
    > # Skip these tests on CRAN,
    > # because they take more than 5 seconds
    > if(!fda::CRAN()){
    +
    + z <- findFn("spline", maxPages = 2)
    + # alternative
    + zq <- ???spline(2)
    +
    + ## Don't show:
    + stopifnot(
    + ## End Don't show
    + all.equal(z, zq)
    + ## Don't show:
    + )
    + ## End Don't show
    +
    + # To search for 2 terms, not necessarily together:
    + RSS <- findFn('RSiteSearch function', 1)
    + matches(RSS)
    +
    + # To search for an exact string, use braces:
    + RSS. <- findFn('{RSiteSearch function}', 1)
    + matches(RSS.) # list(nrow = 0, matches = 0)
    +
    + # example in which resulting page has some unicode characters
    + Lambert <- findFn("Lambert")
    + Lambert
    + ##
    + ## Too many matches
    + ##
    + fa <- findFn('factor analysis')
    + # Finds too many matches to process;
    + # reports Inf matches but returns none.
    + # When this happens, use a more restrictive search
    +
    + # check
    + fa0 <- RSS.[seq(1, length=0),]
    + attr(fa0, 'matches') <- Inf
    + attr(fa0, 'PackageSummary') <- PackageSummary(fa0)
    + attr(fa0, 'string') <- 'factor+analysis'
    + attr(fa0, 'call') <- call('findFn', string = "factor analysis")
    +
    + ## Don't show:
    + stopifnot(
    + ## End Don't show
    + all.equal(fa, fa0)
    + ## Don't show:
    + )
    + ## End Don't show
    + }
    Error in loadNamespace(name) : there is no package called ‘fda’
    Calls: :: ... tryCatch -> tryCatchList -> tryCatchOne -> <Anonymous>
    Execution halted
Flavor: r-devel-osx-x86_64-gcc

Version: 1.3-8
Check: package dependencies
Result: NOTE
    Package suggested but not available for checking: ‘RODBC’
Flavor: r-release-osx-x86_64-mavericks

Version: 1.3-8
Check: Rd cross-references
Result: NOTE
    Package unavailable to check Rd xrefs: ‘RODBC’
Flavor: r-release-osx-x86_64-mavericks

Version: 1.3-8
Check: PDF version of manual
Result: WARNING
    LaTeX errors when creating PDF version.
    This typically indicates Rd problems.
    LaTeX errors found:
    ! LaTeX Error: File `upquote.sty' not found.
    
    Type X to quit or <RETURN> to proceed,
    or enter new name. (Default extension: sty)
    
    5ded519/Rd2.tex:8: ==> Fatal error occurred, no output PDF file produced!
Flavor: r-release-osx-x86_64-mavericks