CRAN Package Check Results for Package sos

Last updated on 2016-06-27 03:47:53.

Flavor Version Tinstall Tcheck Ttotal Status Flags
r-devel-linux-x86_64-debian-gcc 1.3-9 0.75 227.03 227.78 OK
r-devel-linux-x86_64-fedora-clang 1.3-9 83.20 OK
r-devel-linux-x86_64-fedora-gcc 1.3-9 75.53 OK
r-devel-osx-x86_64-clang 1.3-9 68.10 OK
r-devel-windows-ix86+x86_64 1.3-9 3.00 338.00 341.00 OK
r-patched-linux-x86_64 1.3-9 0.74 230.46 231.21 OK
r-patched-solaris-sparc 1.3-9 430.60 OK
r-patched-solaris-x86 1.3-9 124.50 OK
r-release-linux-x86_64 1.3-9 0.67 222.35 223.02 OK
r-release-osx-x86_64-mavericks 1.3-9 NOTE
r-release-windows-ix86+x86_64 1.3-9 3.00 209.00 212.00 OK
r-oldrel-windows-ix86+x86_64 1.3-9 5.00 378.00 383.00 OK

Check Details

Version: 1.3-9
Check: package dependencies
Result: NOTE
    Package suggested but not available for checking: ‘RODBC’
Flavor: r-release-osx-x86_64-mavericks

Version: 1.3-9
Check: Rd cross-references
Result: NOTE
    Package unavailable to check Rd xrefs: ‘RODBC’
Flavor: r-release-osx-x86_64-mavericks