CRAN Package Check Results for Package sos

Last updated on 2015-05-28 23:47:59.

Flavor Version Tinstall Tcheck Ttotal Status Flags
r-devel-linux-x86_64-debian-clang 1.3-8 0.76 283.58 284.33 NOTE
r-devel-linux-x86_64-debian-gcc 1.3-8 0.70 284.42 285.12 NOTE
r-devel-linux-x86_64-fedora-clang 1.3-8 82.62 NOTE
r-devel-linux-x86_64-fedora-gcc 1.3-8 79.59 NOTE
r-devel-osx-x86_64-clang 1.3-8 255.16 NOTE
r-devel-windows-ix86+x86_64 1.3-8 6.00 301.00 307.00 NOTE
r-patched-linux-x86_64 1.3-8 0.66 291.44 292.10 NOTE
r-patched-solaris-sparc 1.3-8 497.90 NOTE
r-patched-solaris-x86 1.3-8 118.70 NOTE
r-release-linux-x86_64 1.3-8 0.67 281.76 282.43 NOTE
r-release-osx-x86_64-mavericks 1.3-8 NOTE
r-release-osx-x86_64-snowleopard 1.3-8 ERROR
r-release-windows-ix86+x86_64 1.3-8 3.00 294.00 297.00 NOTE
r-oldrel-windows-ix86+x86_64 1.3-8 4.00 411.00 415.00 NOTE

Check Details

Version: 1.3-8
Check: DESCRIPTION meta-information
Result: NOTE
    Malformed Description field: should contain one or more complete sentences.
Flavors: r-devel-linux-x86_64-debian-clang, r-devel-linux-x86_64-debian-gcc, r-devel-linux-x86_64-fedora-clang, r-devel-linux-x86_64-fedora-gcc, r-devel-osx-x86_64-clang, r-devel-windows-ix86+x86_64, r-patched-linux-x86_64, r-patched-solaris-sparc, r-patched-solaris-x86, r-release-linux-x86_64, r-release-osx-x86_64-mavericks, r-release-osx-x86_64-snowleopard, r-release-windows-ix86+x86_64

Version: 1.3-8
Check: dependencies in R code
Result: NOTE
    'library' or 'require' calls in package code:
     ‘RODBC’ ‘WriteXLS’
     Please use :: or requireNamespace() instead.
     See section 'Suggested packages' in the 'Writing R Extensions' manual.
    Package in Depends field not imported from: ‘brew’
     These packages need to be imported from (in the NAMESPACE file)
     for when this namespace is loaded but not attached.
Flavors: r-devel-linux-x86_64-debian-clang, r-devel-linux-x86_64-debian-gcc, r-devel-linux-x86_64-fedora-clang, r-devel-linux-x86_64-fedora-gcc, r-devel-osx-x86_64-clang, r-devel-windows-ix86+x86_64, r-patched-linux-x86_64, r-patched-solaris-sparc, r-patched-solaris-x86, r-release-linux-x86_64, r-release-osx-x86_64-mavericks, r-release-osx-x86_64-snowleopard, r-release-windows-ix86+x86_64, r-oldrel-windows-ix86+x86_64

Version: 1.3-8
Check: S3 generic/method consistency
Result: NOTE
    Found the following apparent S3 methods exported but not registered:
     Ops.findFn
    See section ‘Registering S3 methods’ in the ‘Writing R Extensions’
    manual.
Flavors: r-devel-linux-x86_64-debian-clang, r-devel-linux-x86_64-debian-gcc, r-devel-linux-x86_64-fedora-clang, r-devel-linux-x86_64-fedora-gcc, r-devel-osx-x86_64-clang, r-patched-linux-x86_64, r-patched-solaris-sparc, r-patched-solaris-x86, r-release-linux-x86_64

Version: 1.3-8
Check: R code for possible problems
Result: NOTE
    print.findFn: no visible global function definition for ‘brew’
Flavors: r-devel-linux-x86_64-debian-clang, r-devel-linux-x86_64-debian-gcc, r-devel-linux-x86_64-fedora-clang, r-devel-linux-x86_64-fedora-gcc, r-devel-osx-x86_64-clang, r-devel-windows-ix86+x86_64, r-patched-linux-x86_64, r-patched-solaris-sparc, r-patched-solaris-x86, r-release-linux-x86_64, r-release-osx-x86_64-mavericks, r-release-osx-x86_64-snowleopard, r-release-windows-ix86+x86_64, r-oldrel-windows-ix86+x86_64

Version: 1.3-8
Check: package dependencies
Result: NOTE
    Package suggested but not available for checking: ‘RODBC’
Flavor: r-release-osx-x86_64-mavericks

Version: 1.3-8
Check: Rd cross-references
Result: NOTE
    Package unavailable to check Rd xrefs: ‘RODBC’
Flavor: r-release-osx-x86_64-mavericks

Version: 1.3-8
Check: package dependencies
Result: NOTE
    Package suggested but not available for checking: ‘fda’
Flavor: r-release-osx-x86_64-snowleopard

Version: 1.3-8
Check: examples
Result: ERROR
    Running examples in ‘sos-Ex.R’ failed
    The error most likely occurred in:
    
    > ### Name: findFn
    > ### Title: Search Help Pages
    > ### Aliases: findFn ? ???
    > ### Keywords: misc
    >
    > ### ** Examples
    >
    > # Skip these tests on CRAN,
    > # because they take more than 5 seconds
    > if(!fda::CRAN()){
    +
    + z <- findFn("spline", maxPages = 2)
    + # alternative
    + zq <- ???spline(2)
    +
    + ## Don't show:
    + stopifnot(
    + ## End(Don't show)
    + all.equal(z, zq)
    + ## Don't show:
    + )
    + ## End(Don't show)
    +
    + # To search for 2 terms, not necessarily together:
    + RSS <- findFn('RSiteSearch function', 1)
    + matches(RSS)
    +
    + # To search for an exact string, use braces:
    + RSS. <- findFn('{RSiteSearch function}', 1)
    + matches(RSS.) # list(nrow = 0, matches = 0)
    +
    + # example in which resulting page has some unicode characters
    + Lambert <- findFn("Lambert")
    + Lambert
    + ##
    + ## Too many matches
    + ##
    + fa <- findFn('factor analysis')
    + # Finds too many matches to process;
    + # reports Inf matches but returns none.
    + # When this happens, use a more restrictive search
    +
    + # check
    + fa0 <- RSS.[seq(1, length=0),]
    + attr(fa0, 'matches') <- Inf
    + attr(fa0, 'PackageSummary') <- PackageSummary(fa0)
    + attr(fa0, 'string') <- 'factor+analysis'
    + attr(fa0, 'call') <- call('findFn', string = "factor analysis")
    +
    + ## Don't show:
    + stopifnot(
    + ## End(Don't show)
    + all.equal(fa, fa0)
    + ## Don't show:
    + )
    + ## End(Don't show)
    + }
    Error in loadNamespace(name) : there is no package called ‘fda’
    Calls: :: ... tryCatch -> tryCatchList -> tryCatchOne -> <Anonymous>
    Execution halted
Flavor: r-release-osx-x86_64-snowleopard