CRAN Package Check Results for Package sos

Last updated on 2016-05-23 14:48:18.

Flavor Version Tinstall Tcheck Ttotal Status Flags
r-devel-linux-x86_64-debian-gcc 1.3-8 0.64 146.92 147.56 NOTE
r-devel-linux-x86_64-fedora-clang 1.3-8 73.51 NOTE
r-devel-linux-x86_64-fedora-gcc 1.3-8 71.28 NOTE
r-devel-osx-x86_64-clang 1.3-8 185.03 NOTE
r-devel-windows-ix86+x86_64 1.3-8 3.00 205.00 208.00 NOTE
r-patched-linux-x86_64 1.3-8 0.68 150.97 151.65 NOTE
r-patched-solaris-sparc 1.3-8 428.40 NOTE
r-patched-solaris-x86 1.3-8 107.10 NOTE
r-release-linux-x86_64 1.3-8 0.64 152.21 152.86 NOTE
r-release-osx-x86_64-mavericks 1.3-8 NOTE
r-release-windows-ix86+x86_64 1.3-8 3.00 205.00 208.00 NOTE
r-oldrel-windows-ix86+x86_64 1.3-8 3.00 303.00 306.00 NOTE

Check Details

Version: 1.3-8
Check: DESCRIPTION meta-information
Result: NOTE
    Malformed Description field: should contain one or more complete sentences.
Flavors: r-devel-linux-x86_64-debian-gcc, r-devel-linux-x86_64-fedora-clang, r-devel-linux-x86_64-fedora-gcc, r-devel-osx-x86_64-clang, r-devel-windows-ix86+x86_64, r-patched-linux-x86_64, r-patched-solaris-sparc, r-patched-solaris-x86, r-release-linux-x86_64, r-release-osx-x86_64-mavericks, r-release-windows-ix86+x86_64, r-oldrel-windows-ix86+x86_64

Version: 1.3-8
Check: dependencies in R code
Result: NOTE
    'library' or 'require' calls in package code:
     ‘RODBC’ ‘WriteXLS’
     Please use :: or requireNamespace() instead.
     See section 'Suggested packages' in the 'Writing R Extensions' manual.
    Package in Depends field not imported from: ‘brew’
     These packages need to be imported from (in the NAMESPACE file)
     for when this namespace is loaded but not attached.
Flavors: r-devel-linux-x86_64-debian-gcc, r-devel-linux-x86_64-fedora-clang, r-devel-linux-x86_64-fedora-gcc, r-devel-osx-x86_64-clang, r-devel-windows-ix86+x86_64, r-patched-linux-x86_64, r-patched-solaris-sparc, r-patched-solaris-x86, r-release-linux-x86_64, r-release-osx-x86_64-mavericks, r-release-windows-ix86+x86_64, r-oldrel-windows-ix86+x86_64

Version: 1.3-8
Check: S3 generic/method consistency
Result: NOTE
    Found the following apparent S3 methods exported but not registered:
     Ops.findFn
    See section ‘Registering S3 methods’ in the ‘Writing R Extensions’
    manual.
Flavors: r-devel-linux-x86_64-debian-gcc, r-devel-linux-x86_64-fedora-clang, r-devel-linux-x86_64-fedora-gcc, r-devel-osx-x86_64-clang, r-patched-linux-x86_64, r-patched-solaris-sparc, r-patched-solaris-x86, r-release-linux-x86_64

Version: 1.3-8
Check: R code for possible problems
Result: NOTE
    PackageSum2.data.frame: no visible global function definition for
     ‘packageDescription’
    PackageSum2.data.frame: no visible global function definition for
     ‘help’
    PackageSum2.data.frame: no visible global function definition for
     ‘vignette’
    findFn: no visible global function definition for ‘flush.console’
    installPackages: no visible global function definition for
     ‘install.packages’
    print.findFn: no visible global function definition for ‘brew’
    print.findFn: no visible global function definition for ‘browseURL’
    writeFindFn2xls: no visible global function definition for ‘write.csv’
    Undefined global functions or variables:
     brew browseURL flush.console help install.packages packageDescription
     vignette write.csv
    Consider adding
     importFrom("utils", "browseURL", "flush.console", "help",
     "install.packages", "packageDescription", "vignette",
     "write.csv")
    to your NAMESPACE file.
Flavors: r-devel-linux-x86_64-debian-gcc, r-devel-linux-x86_64-fedora-clang, r-devel-linux-x86_64-fedora-gcc, r-devel-osx-x86_64-clang, r-devel-windows-ix86+x86_64, r-patched-linux-x86_64, r-patched-solaris-sparc, r-patched-solaris-x86, r-release-linux-x86_64, r-release-osx-x86_64-mavericks, r-release-windows-ix86+x86_64

Version: 1.3-8
Check: package dependencies
Result: NOTE
    Package suggested but not available for checking: ‘RODBC’
Flavor: r-release-osx-x86_64-mavericks

Version: 1.3-8
Check: Rd cross-references
Result: NOTE
    Package unavailable to check Rd xrefs: ‘RODBC’
Flavor: r-release-osx-x86_64-mavericks

Version: 1.3-8
Check: R code for possible problems
Result: NOTE
    print.findFn: no visible global function definition for 'brew'
Flavor: r-oldrel-windows-ix86+x86_64