CRAN Package Check Results for Package sos

Last updated on 2016-08-30 08:49:10.

Flavor Version Tinstall Tcheck Ttotal Status Flags
r-devel-linux-x86_64-debian-clang 1.3-9 0.69 227.41 228.10 OK
r-devel-linux-x86_64-debian-gcc 1.3-9 0.70 229.69 230.39 OK
r-devel-linux-x86_64-fedora-clang 1.3-9 83.83 OK
r-devel-linux-x86_64-fedora-gcc 1.3-9 78.89 OK
r-devel-osx-x86_64-clang 1.3-9 69.29 OK
r-devel-windows-ix86+x86_64 1.3-9 5.00 211.00 216.00 OK
r-patched-linux-x86_64 1.3-9 0.64 231.64 232.28 OK
r-patched-solaris-sparc 1.3-9 430.60 OK
r-patched-solaris-x86 1.3-9 124.70 OK
r-release-linux-x86_64 1.3-9 0.64 231.87 232.51 OK
r-release-osx-x86_64-mavericks 1.3-9 NOTE
r-release-windows-ix86+x86_64 1.3-9 3.00 213.00 216.00 OK
r-oldrel-windows-ix86+x86_64 1.3-9 7.00 391.00 398.00 OK

Check Details

Version: 1.3-9
Check: package dependencies
Result: NOTE
    Package suggested but not available for checking: ‘RODBC’
Flavor: r-release-osx-x86_64-mavericks

Version: 1.3-9
Check: Rd cross-references
Result: NOTE
    Package unavailable to check Rd xrefs: ‘RODBC’
Flavor: r-release-osx-x86_64-mavericks