CRAN Package Check Results for Package sos

Last updated on 2016-02-05 23:48:58.

Flavor Version Tinstall Tcheck Ttotal Status Flags
r-devel-linux-x86_64-debian-gcc 1.3-8 0.71 155.08 155.79 NOTE
r-devel-linux-x86_64-fedora-clang 1.3-8 70.36 NOTE
r-devel-linux-x86_64-fedora-gcc 1.3-8 66.06 NOTE
r-devel-osx-x86_64-clang 1.3-8 172.43 NOTE
r-devel-windows-ix86+x86_64 1.3-8 9.00 191.00 200.00 NOTE
r-patched-linux-x86_64 1.3-8 0.84 302.18 303.01 NOTE
r-patched-solaris-sparc 1.3-8 505.40 NOTE
r-patched-solaris-x86 1.3-8 123.60 NOTE
r-release-linux-x86_64 1.3-8 0.70 271.83 272.53 NOTE
r-release-osx-x86_64-mavericks 1.3-8 NOTE
r-release-windows-ix86+x86_64 1.3-8 5.00 296.00 301.00 NOTE
r-oldrel-windows-ix86+x86_64 1.3-8 5.00 159.00 164.00 NOTE

Check Details

Version: 1.3-8
Check: DESCRIPTION meta-information
Result: NOTE
    Malformed Description field: should contain one or more complete sentences.
Flavors: r-devel-linux-x86_64-debian-gcc, r-devel-linux-x86_64-fedora-clang, r-devel-linux-x86_64-fedora-gcc, r-devel-osx-x86_64-clang, r-devel-windows-ix86+x86_64, r-patched-linux-x86_64, r-patched-solaris-sparc, r-patched-solaris-x86, r-release-linux-x86_64, r-release-osx-x86_64-mavericks, r-release-windows-ix86+x86_64

Version: 1.3-8
Check: dependencies in R code
Result: NOTE
    'library' or 'require' calls in package code:
     ‘RODBC’ ‘WriteXLS’
     Please use :: or requireNamespace() instead.
     See section 'Suggested packages' in the 'Writing R Extensions' manual.
    Package in Depends field not imported from: ‘brew’
     These packages need to be imported from (in the NAMESPACE file)
     for when this namespace is loaded but not attached.
Flavors: r-devel-linux-x86_64-debian-gcc, r-devel-linux-x86_64-fedora-clang, r-devel-linux-x86_64-fedora-gcc, r-devel-osx-x86_64-clang, r-devel-windows-ix86+x86_64, r-patched-linux-x86_64, r-patched-solaris-sparc, r-patched-solaris-x86, r-release-linux-x86_64, r-release-osx-x86_64-mavericks, r-release-windows-ix86+x86_64, r-oldrel-windows-ix86+x86_64

Version: 1.3-8
Check: S3 generic/method consistency
Result: NOTE
    Found the following apparent S3 methods exported but not registered:
     Ops.findFn
    See section ‘Registering S3 methods’ in the ‘Writing R Extensions’
    manual.
Flavors: r-devel-linux-x86_64-debian-gcc, r-devel-linux-x86_64-fedora-clang, r-devel-linux-x86_64-fedora-gcc, r-devel-osx-x86_64-clang, r-patched-linux-x86_64, r-patched-solaris-sparc, r-patched-solaris-x86, r-release-linux-x86_64

Version: 1.3-8
Check: R code for possible problems
Result: NOTE
    PackageSum2.data.frame: no visible global function definition for
     ‘packageDescription’
    PackageSum2.data.frame: no visible global function definition for
     ‘help’
    PackageSum2.data.frame: no visible global function definition for
     ‘vignette’
    findFn: no visible global function definition for ‘flush.console’
    installPackages: no visible global function definition for
     ‘install.packages’
    print.findFn: no visible global function definition for ‘brew’
    print.findFn: no visible global function definition for ‘browseURL’
    writeFindFn2xls: no visible global function definition for ‘write.csv’
    Undefined global functions or variables:
     brew browseURL flush.console help install.packages packageDescription
     vignette write.csv
    Consider adding
     importFrom("utils", "browseURL", "flush.console", "help",
     "install.packages", "packageDescription", "vignette",
     "write.csv")
    to your NAMESPACE.
Flavors: r-devel-linux-x86_64-debian-gcc, r-devel-linux-x86_64-fedora-clang, r-devel-linux-x86_64-fedora-gcc, r-devel-windows-ix86+x86_64

Version: 1.3-8
Check: R code for possible problems
Result: NOTE
    print.findFn: no visible global function definition for ‘brew’
    Undefined global functions or variables:
     brew
Flavor: r-devel-osx-x86_64-clang

Version: 1.3-8
Check: R code for possible problems
Result: NOTE
    print.findFn: no visible global function definition for ‘brew’
Flavors: r-patched-linux-x86_64, r-patched-solaris-sparc, r-patched-solaris-x86, r-release-linux-x86_64, r-release-osx-x86_64-mavericks, r-release-windows-ix86+x86_64, r-oldrel-windows-ix86+x86_64

Version: 1.3-8
Check: package dependencies
Result: NOTE
    Package suggested but not available for checking: ‘RODBC’
Flavor: r-release-osx-x86_64-mavericks

Version: 1.3-8
Check: Rd cross-references
Result: NOTE
    Package unavailable to check Rd xrefs: ‘RODBC’
Flavor: r-release-osx-x86_64-mavericks

Version: 1.3-8
Check: re-building of vignette outputs
Result: NOTE
    Error in re-building vignettes:
     ...
    
    Error: processing vignette 'sos.Rnw' failed with diagnostics:
     chunk 2 (label = Petal.Length)
    Error in `[<-`(`*tmp*`, , "name", value = dDB[, 1]) :
     subscript out of bounds
    Execution halted
Flavor: r-oldrel-windows-ix86+x86_64