CRAN Package Check Results for Package sos

Last updated on 2016-07-30 08:48:32.

Flavor Version Tinstall Tcheck Ttotal Status Flags
r-devel-linux-x86_64-debian-clang 1.3-9 0.66 212.14 212.80 OK
r-devel-linux-x86_64-debian-gcc 1.3-9 0.63 216.18 216.82 OK
r-devel-linux-x86_64-fedora-clang 1.3-9 82.77 OK
r-devel-linux-x86_64-fedora-gcc 1.3-9 79.29 OK
r-devel-osx-x86_64-clang 1.3-9 67.10 OK
r-devel-windows-ix86+x86_64 1.3-9 3.00 213.00 216.00 OK
r-patched-linux-x86_64 1.3-9 0.76 231.54 232.30 OK
r-patched-solaris-sparc 1.3-9 430.60 OK
r-patched-solaris-x86 1.3-9 118.10 OK
r-release-linux-x86_64 1.3-9 0.80 230.72 231.52 OK
r-release-osx-x86_64-mavericks 1.3-9 NOTE
r-release-windows-ix86+x86_64 1.3-9 5.00 275.00 280.00 OK
r-oldrel-windows-ix86+x86_64 1.3-9 6.00 372.00 378.00 OK

Check Details

Version: 1.3-9
Check: package dependencies
Result: NOTE
    Package suggested but not available for checking: ‘RODBC’
Flavor: r-release-osx-x86_64-mavericks

Version: 1.3-9
Check: Rd cross-references
Result: NOTE
    Package unavailable to check Rd xrefs: ‘RODBC’
Flavor: r-release-osx-x86_64-mavericks