CRAN Package Check Results for Package sos

Last updated on 2015-07-30 13:47:45.

Flavor Version Tinstall Tcheck Ttotal Status Flags
r-devel-linux-x86_64-debian-clang 1.3-8 0.79 314.65 315.44 NOTE
r-devel-linux-x86_64-debian-gcc 1.3-8 0.65 287.58 288.23 NOTE
r-devel-linux-x86_64-fedora-clang 1.3-8 86.17 NOTE
r-devel-linux-x86_64-fedora-gcc 1.3-8 83.47 NOTE
r-devel-osx-x86_64-clang 1.3-8 237.51 NOTE
r-devel-windows-ix86+x86_64 1.3-8 6.00 388.00 394.00 NOTE
r-patched-linux-x86_64 1.3-8 0.68 294.23 294.91 NOTE
r-patched-solaris-sparc 1.3-8 498.60 NOTE
r-patched-solaris-x86 1.3-8 123.40 NOTE
r-release-linux-x86_64 1.3-8 0.67 296.36 297.03 NOTE
r-release-osx-x86_64-mavericks 1.3-8 NOTE
r-release-windows-ix86+x86_64 1.3-8 5.00 308.00 313.00 NOTE
r-oldrel-windows-ix86+x86_64 1.3-8 6.00 369.00 375.00 NOTE

Check Details

Version: 1.3-8
Check: DESCRIPTION meta-information
Result: NOTE
    Malformed Description field: should contain one or more complete sentences.
Flavors: r-devel-linux-x86_64-debian-clang, r-devel-linux-x86_64-debian-gcc, r-devel-linux-x86_64-fedora-clang, r-devel-linux-x86_64-fedora-gcc, r-devel-osx-x86_64-clang, r-devel-windows-ix86+x86_64, r-patched-linux-x86_64, r-patched-solaris-sparc, r-patched-solaris-x86, r-release-linux-x86_64, r-release-osx-x86_64-mavericks, r-release-windows-ix86+x86_64

Version: 1.3-8
Check: dependencies in R code
Result: NOTE
    'library' or 'require' calls in package code:
     ‘RODBC’ ‘WriteXLS’
     Please use :: or requireNamespace() instead.
     See section 'Suggested packages' in the 'Writing R Extensions' manual.
    Package in Depends field not imported from: ‘brew’
     These packages need to be imported from (in the NAMESPACE file)
     for when this namespace is loaded but not attached.
Flavors: r-devel-linux-x86_64-debian-clang, r-devel-linux-x86_64-debian-gcc, r-devel-linux-x86_64-fedora-clang, r-devel-linux-x86_64-fedora-gcc, r-devel-osx-x86_64-clang, r-devel-windows-ix86+x86_64, r-patched-linux-x86_64, r-patched-solaris-sparc, r-patched-solaris-x86, r-release-linux-x86_64, r-release-osx-x86_64-mavericks, r-release-windows-ix86+x86_64, r-oldrel-windows-ix86+x86_64

Version: 1.3-8
Check: S3 generic/method consistency
Result: NOTE
    Found the following apparent S3 methods exported but not registered:
     Ops.findFn
    See section ‘Registering S3 methods’ in the ‘Writing R Extensions’
    manual.
Flavors: r-devel-linux-x86_64-debian-clang, r-devel-linux-x86_64-debian-gcc, r-devel-linux-x86_64-fedora-clang, r-devel-linux-x86_64-fedora-gcc, r-devel-osx-x86_64-clang, r-patched-linux-x86_64, r-patched-solaris-sparc, r-patched-solaris-x86, r-release-linux-x86_64

Version: 1.3-8
Check: R code for possible problems
Result: NOTE
    PackageSum2.data.frame: no visible global function definition for
     ‘packageDescription’
    PackageSum2.data.frame: no visible global function definition for
     ‘help’
    PackageSum2.data.frame: no visible global function definition for
     ‘vignette’
    findFn: no visible global function definition for ‘flush.console’
    installPackages: no visible global function definition for
     ‘install.packages’
    print.findFn: no visible global function definition for ‘brew’
    print.findFn: no visible global function definition for ‘browseURL’
    writeFindFn2xls: no visible global function definition for ‘write.csv’
    Undefined global functions or variables:
     brew browseURL flush.console help install.packages packageDescription
     vignette write.csv
    Consider adding
     importFrom("utils", "browseURL", "flush.console", "help",
     "install.packages", "packageDescription", "vignette",
     "write.csv")
    to your NAMESPACE.
Flavors: r-devel-linux-x86_64-debian-clang, r-devel-linux-x86_64-debian-gcc, r-devel-linux-x86_64-fedora-clang, r-devel-linux-x86_64-fedora-gcc, r-devel-windows-ix86+x86_64

Version: 1.3-8
Check: R code for possible problems
Result: NOTE
    print.findFn: no visible global function definition for ‘brew’
    Undefined global functions or variables:
     brew
Flavor: r-devel-osx-x86_64-clang

Version: 1.3-8
Check: R code for possible problems
Result: NOTE
    print.findFn: no visible global function definition for ‘brew’
Flavors: r-patched-linux-x86_64, r-patched-solaris-sparc, r-patched-solaris-x86, r-release-linux-x86_64, r-release-osx-x86_64-mavericks, r-release-windows-ix86+x86_64, r-oldrel-windows-ix86+x86_64

Version: 1.3-8
Check: package dependencies
Result: NOTE
    Package suggested but not available for checking: ‘RODBC’
Flavor: r-release-osx-x86_64-mavericks

Version: 1.3-8
Check: Rd cross-references
Result: NOTE
    Package unavailable to check Rd xrefs: ‘RODBC’
Flavor: r-release-osx-x86_64-mavericks